{"id":971,"date":"2026-04-24T11:31:42","date_gmt":"2026-04-24T11:31:42","guid":{"rendered":"https:\/\/circulareconomyhotspotbudapest.com\/?post_type=portfolio&#038;p=971"},"modified":"2026-04-24T11:51:00","modified_gmt":"2026-04-24T11:51:00","slug":"drewell-quentin","status":"publish","type":"portfolio","link":"https:\/\/circulareconomyhotspotbudapest.com\/hu\/speaker\/drewell-quentin\/","title":{"rendered":"Quentin Drewell"},"content":{"rendered":"<div  class='flex_column av-h4aes-8ab347a7b93bca422a8753491701622c av_three_fifth  avia-builder-el-0  el_before_av_one_third  avia-builder-el-first  first flex_column_div'     ><section  class='av_textblock_section av-mnr7l2lw-e54a46a20c28b3671cbc2434d791c2d7'   itemscope=\"itemscope\" itemtype=\"https:\/\/schema.org\/CreativeWork\" ><div class='avia_textblock'  itemprop=\"text\" ><h1 class=\"font-sans text-heading-xx-large font-normal py-8 md:pt-20 text-white\">Quentin Drewell<\/h1>\n<h3>Senior Igazgat\u00f3<\/h3>\n<h3>Term\u00e9kek \u00e9s anyagok<\/h3>\n<h3>\u00dczleti Vil\u00e1gtan\u00e1cs a Fenntarthat\u00f3 Fejl\u0151d\u00e9s\u00e9rt<\/h3>\n<h3><\/h3>\n<h3><\/h3>\n<\/div><\/section><br \/>\n<section  class='av_textblock_section av-mnr7onqp-5658145bc31ad45cc097c3688d72108a'   itemscope=\"itemscope\" itemtype=\"https:\/\/schema.org\/CreativeWork\" ><div class='avia_textblock'  itemprop=\"text\" ><p data-start=\"136\" data-end=\"441\">Quentin feladata a WBCSD tagjai k\u00f6z\u00f6tti kollekt\u00edv cselekv\u00e9s mozg\u00f3s\u00edt\u00e1sa a k\u00f6rforg\u00e1sos gazdas\u00e1g glob\u00e1lis szint\u0171 hat\u00e1s\u00e1nak er\u0151s\u00edt\u00e9se \u00e9rdek\u00e9ben. Sz\u00e9les k\u00f6r\u0171 tapasztalattal rendelkezik \u00f6sszetett, t\u00f6bb \u00e9rdekelt felet bevon\u00f3 fenntarthat\u00f3s\u00e1gi projektek ir\u00e1ny\u00edt\u00e1s\u00e1ban nemzetk\u00f6zi k\u00f6rnyezetben; kor\u00e1bban az Accenture k\u00f6rforg\u00e1sos gazdas\u00e1ggal kapcsolatos tev\u00e9kenys\u00e9geit vezette. Emellett a Vil\u00e1ggazdas\u00e1gi F\u00f3rum (World Economic Forum) k\u00f6rforg\u00e1sos gazdas\u00e1ggal \u00e9s fenntarthat\u00f3 termel\u00e9ssel foglalkoz\u00f3 projektjeinek tan\u00e1csad\u00f3ja volt, ahol l\u00e9trehozta az \u00e9ves k\u00f6rforg\u00e1sos gazdas\u00e1gi d\u00edjprogramot, a \u201eThe Circulars\u201d-t, valamint k\u00f6zrem\u0171k\u00f6d\u00f6tt a Platform for Accelerating the Circular Economy fejleszt\u00e9s\u00e9ben. Quentin a University of Bradford int\u00e9zm\u00e9nyben szerzett MBA diplom\u00e1t. Az Institute of Environmental Management and Assessment (IEMA) teljes jog\u00fa tagja, valamint okleveles k\u00f6rnyezetv\u00e9delmi szakember (Chartered Environmentalist).<\/p>\n<\/div><\/section><\/p><\/div><div  class='flex_column av-95j3w-f0fcbc904e91f18926a96aa9ed408878 av_one_third  avia-builder-el-3  el_after_av_three_fifth  avia-builder-el-last  flex_column_div'     ><style type=\"text\/css\" data-created_by=\"avia_inline_auto\" id=\"style-css-av-mnr7mivq-548c66207186e19d7ca0b0ef3df336c8\">\n.avia-image-container.av-mnr7mivq-548c66207186e19d7ca0b0ef3df336c8 img.avia_image{\nbox-shadow:none;\n}\n.avia-image-container.av-mnr7mivq-548c66207186e19d7ca0b0ef3df336c8 .av-image-caption-overlay-center{\ncolor:#ffffff;\n}\n<\/style>\n<div  class='avia-image-container av-mnr7mivq-548c66207186e19d7ca0b0ef3df336c8 av-styling-circle avia-align-center  avia-builder-el-4  avia-builder-el-no-sibling'   itemprop=\"image\" itemscope=\"itemscope\" itemtype=\"https:\/\/schema.org\/ImageObject\" ><div class=\"avia-image-container-inner\"><div class=\"avia-image-overlay-wrap\"><img decoding=\"async\" fetchpriority=\"high\" class='wp-image-972 avia-img-lazy-loading-not-972 avia_image' src=\"https:\/\/circulareconomyhotspotbudapest.com\/wp-content\/uploads\/2026\/04\/Hotspot-Portrek-11-300x300.png\" alt='' title='Hotspot Portr\u00e9k (11)'  height=\"300\" width=\"300\"  itemprop=\"thumbnailUrl\" srcset=\"https:\/\/circulareconomyhotspotbudapest.com\/wp-content\/uploads\/2026\/04\/Hotspot-Portrek-11-300x300.png 300w, https:\/\/circulareconomyhotspotbudapest.com\/wp-content\/uploads\/2026\/04\/Hotspot-Portrek-11-80x80.png 80w, https:\/\/circulareconomyhotspotbudapest.com\/wp-content\/uploads\/2026\/04\/Hotspot-Portrek-11-768x768.png 768w, https:\/\/circulareconomyhotspotbudapest.com\/wp-content\/uploads\/2026\/04\/Hotspot-Portrek-11-12x12.png 12w, https:\/\/circulareconomyhotspotbudapest.com\/wp-content\/uploads\/2026\/04\/Hotspot-Portrek-11-36x36.png 36w, https:\/\/circulareconomyhotspotbudapest.com\/wp-content\/uploads\/2026\/04\/Hotspot-Portrek-11-180x180.png 180w, https:\/\/circulareconomyhotspotbudapest.com\/wp-content\/uploads\/2026\/04\/Hotspot-Portrek-11-705x705.png 705w, https:\/\/circulareconomyhotspotbudapest.com\/wp-content\/uploads\/2026\/04\/Hotspot-Portrek-11-120x120.png 120w, https:\/\/circulareconomyhotspotbudapest.com\/wp-content\/uploads\/2026\/04\/Hotspot-Portrek-11-450x450.png 450w, https:\/\/circulareconomyhotspotbudapest.com\/wp-content\/uploads\/2026\/04\/Hotspot-Portrek-11-600x600.png 600w, https:\/\/circulareconomyhotspotbudapest.com\/wp-content\/uploads\/2026\/04\/Hotspot-Portrek-11-100x100.png 100w, https:\/\/circulareconomyhotspotbudapest.com\/wp-content\/uploads\/2026\/04\/Hotspot-Portrek-11.png 1000w\" sizes=\"(max-width: 300px) 100vw, 300px\" \/><\/div><\/div><\/div><\/div><\/p>","protected":false},"excerpt":{"rendered":"<p>Senior Igazgat\u00f3<br \/>Products &#038; Materials<br \/>\u00dczleti Vil\u00e1gtan\u00e1cs a Fenntarthat\u00f3 Fejl\u0151d\u00e9s\u00e9rt<\/p>","protected":false},"author":3,"featured_media":972,"comment_status":"open","ping_status":"closed","template":"","meta":{"footnotes":""},"tags":[],"portfolio_entries":[29],"class_list":["post-971","portfolio","type-portfolio","status-publish","has-post-thumbnail","hentry","portfolio_entries-circular-economy"],"_links":{"self":[{"href":"https:\/\/circulareconomyhotspotbudapest.com\/hu\/wp-json\/wp\/v2\/portfolio\/971","targetHints":{"allow":["GET"]}}],"collection":[{"href":"https:\/\/circulareconomyhotspotbudapest.com\/hu\/wp-json\/wp\/v2\/portfolio"}],"about":[{"href":"https:\/\/circulareconomyhotspotbudapest.com\/hu\/wp-json\/wp\/v2\/types\/portfolio"}],"author":[{"embeddable":true,"href":"https:\/\/circulareconomyhotspotbudapest.com\/hu\/wp-json\/wp\/v2\/users\/3"}],"replies":[{"embeddable":true,"href":"https:\/\/circulareconomyhotspotbudapest.com\/hu\/wp-json\/wp\/v2\/comments?post=971"}],"version-history":[{"count":6,"href":"https:\/\/circulareconomyhotspotbudapest.com\/hu\/wp-json\/wp\/v2\/portfolio\/971\/revisions"}],"predecessor-version":[{"id":979,"href":"https:\/\/circulareconomyhotspotbudapest.com\/hu\/wp-json\/wp\/v2\/portfolio\/971\/revisions\/979"}],"wp:featuredmedia":[{"embeddable":true,"href":"https:\/\/circulareconomyhotspotbudapest.com\/hu\/wp-json\/wp\/v2\/media\/972"}],"wp:attachment":[{"href":"https:\/\/circulareconomyhotspotbudapest.com\/hu\/wp-json\/wp\/v2\/media?parent=971"}],"wp:term":[{"taxonomy":"post_tag","embeddable":true,"href":"https:\/\/circulareconomyhotspotbudapest.com\/hu\/wp-json\/wp\/v2\/tags?post=971"},{"taxonomy":"portfolio_entries","embeddable":true,"href":"https:\/\/circulareconomyhotspotbudapest.com\/hu\/wp-json\/wp\/v2\/portfolio_entries?post=971"}],"curies":[{"name":"wp","href":"https:\/\/api.w.org\/{rel}","templated":true}]}}

<div  class='flex_column av-h4aes-8ab347a7b93bca422a8753491701622c av_three_fifth  avia-builder-el-0  el_before_av_one_third  avia-builder-el-first  first flex_column_div'     ><section  class='av_textblock_section av-mnr7l2lw-e54a46a20c28b3671cbc2434d791c2d7'   itemscope="itemscope" itemtype="https://schema.org/CreativeWork" ><div class='avia_textblock'  itemprop="text" ><h1 class="font-sans text-heading-xx-large font-normal py-8 md:pt-20 text-white">Quentin Drewell</h1>
<h3>Senior Igazgató</h3>
<h3>Termékek és anyagok</h3>
<h3>Üzleti Világtanács a Fenntartható Fejlődésért</h3>
<h3></h3>
<h3></h3>
</div></section><br />
<section  class='av_textblock_section av-mnr7onqp-5658145bc31ad45cc097c3688d72108a'   itemscope="itemscope" itemtype="https://schema.org/CreativeWork" ><div class='avia_textblock'  itemprop="text" ><p data-start="136" data-end="441">Quentin feladata a WBCSD tagjai közötti kollektív cselekvés mozgósítása a körforgásos gazdaság globális szintű hatásának erősítése érdekében. Széles körű tapasztalattal rendelkezik összetett, több érdekelt felet bevonó fenntarthatósági projektek irányításában nemzetközi környezetben; korábban az Accenture körforgásos gazdasággal kapcsolatos tevékenységeit vezette. Emellett a Világgazdasági Fórum (World Economic Forum) körforgásos gazdasággal és fenntartható termeléssel foglalkozó projektjeinek tanácsadója volt, ahol létrehozta az éves körforgásos gazdasági díjprogramot, a „The Circulars”-t, valamint közreműködött a Platform for Accelerating the Circular Economy fejlesztésében. Quentin a University of Bradford intézményben szerzett MBA diplomát. Az Institute of Environmental Management and Assessment (IEMA) teljes jogú tagja, valamint okleveles környezetvédelmi szakember (Chartered Environmentalist).</p>
</div></section></p></div><div  class='flex_column av-95j3w-f0fcbc904e91f18926a96aa9ed408878 av_one_third  avia-builder-el-3  el_after_av_three_fifth  avia-builder-el-last  flex_column_div'     ><style type="text/css" data-created_by="avia_inline_auto" id="style-css-av-mnr7mivq-548c66207186e19d7ca0b0ef3df336c8">
.avia-image-container.av-mnr7mivq-548c66207186e19d7ca0b0ef3df336c8 img.avia_image{
box-shadow:none;
}
.avia-image-container.av-mnr7mivq-548c66207186e19d7ca0b0ef3df336c8 .av-image-caption-overlay-center{
color:#ffffff;
}
</style>
<div  class='avia-image-container av-mnr7mivq-548c66207186e19d7ca0b0ef3df336c8 av-styling-circle avia-align-center  avia-builder-el-4  avia-builder-el-no-sibling'   itemprop="image" itemscope="itemscope" itemtype="https://schema.org/ImageObject" ><div class="avia-image-container-inner"><div class="avia-image-overlay-wrap"><img decoding="async" fetchpriority="high" class='wp-image-972 avia-img-lazy-loading-not-972 avia_image' src="https://circulareconomyhotspotbudapest.com/wp-content/uploads/2026/04/Hotspot-Portrek-11-300x300.png" alt='' title='Hotspot Portrék (11)'  height="300" width="300"  itemprop="thumbnailUrl" srcset="https://circulareconomyhotspotbudapest.com/wp-content/uploads/2026/04/Hotspot-Portrek-11-300x300.png 300w, https://circulareconomyhotspotbudapest.com/wp-content/uploads/2026/04/Hotspot-Portrek-11-80x80.png 80w, https://circulareconomyhotspotbudapest.com/wp-content/uploads/2026/04/Hotspot-Portrek-11-768x768.png 768w, https://circulareconomyhotspotbudapest.com/wp-content/uploads/2026/04/Hotspot-Portrek-11-12x12.png 12w, https://circulareconomyhotspotbudapest.com/wp-content/uploads/2026/04/Hotspot-Portrek-11-36x36.png 36w, https://circulareconomyhotspotbudapest.com/wp-content/uploads/2026/04/Hotspot-Portrek-11-180x180.png 180w, https://circulareconomyhotspotbudapest.com/wp-content/uploads/2026/04/Hotspot-Portrek-11-705x705.png 705w, https://circulareconomyhotspotbudapest.com/wp-content/uploads/2026/04/Hotspot-Portrek-11-120x120.png 120w, https://circulareconomyhotspotbudapest.com/wp-content/uploads/2026/04/Hotspot-Portrek-11-450x450.png 450w, https://circulareconomyhotspotbudapest.com/wp-content/uploads/2026/04/Hotspot-Portrek-11-600x600.png 600w, https://circulareconomyhotspotbudapest.com/wp-content/uploads/2026/04/Hotspot-Portrek-11-100x100.png 100w, https://circulareconomyhotspotbudapest.com/wp-content/uploads/2026/04/Hotspot-Portrek-11.png 1000w" sizes="(max-width: 300px) 100vw, 300px" /></div></div></div></div></p>

<p>Senior Igazgató<br />Products &#038; Materials<br />Üzleti Világtanács a Fenntartható Fejlődésért</p>
