{"id":965,"date":"2026-04-24T11:10:04","date_gmt":"2026-04-24T11:10:04","guid":{"rendered":"https:\/\/circulareconomyhotspotbudapest.com\/?post_type=portfolio&#038;p=965"},"modified":"2026-04-27T16:14:20","modified_gmt":"2026-04-27T16:14:20","slug":"van-eijk-freek","status":"publish","type":"portfolio","link":"https:\/\/circulareconomyhotspotbudapest.com\/hu\/speaker\/van-eijk-freek\/","title":{"rendered":"Freek van Eijk"},"content":{"rendered":"<div  class='flex_column av-h4aes-8ab347a7b93bca422a8753491701622c av_three_fifth  avia-builder-el-0  el_before_av_one_third  avia-builder-el-first  first flex_column_div'     ><section  class='av_textblock_section av-mnr7l2lw-e54a46a20c28b3671cbc2434d791c2d7'   itemscope=\"itemscope\" itemtype=\"https:\/\/schema.org\/CreativeWork\" ><div class='avia_textblock'  itemprop=\"text\" ><h2><span class=\"NormalTextRun SpellingErrorV2Themed SpellingErrorHighlight SCXW137679521 BCX0\">Freek<\/span><span class=\"NormalTextRun SCXW137679521 BCX0\">\u00a0van Eijk<\/span><\/h2>\n<h3><span data-contrast=\"auto\">Vez\u00e9rigazgat\u00f3<\/span><\/h3>\n<h3><span data-ccp-props=\"{\"><span class=\"NormalTextRun SCXW20843708 BCX0\">Holland\u00a0<\/span><span class=\"NormalTextRun SpellingErrorV2Themed SCXW20843708 BCX0\">Circular<\/span><span class=\"NormalTextRun SCXW20843708 BCX0\">\u00a0<\/span><span class=\"NormalTextRun SpellingErrorV2Themed SCXW20843708 BCX0\">Hotspot<\/span><span class=\"NormalTextRun SCXW20843708 BCX0\">\u00a0<\/span> <\/span><\/h3>\n<h3><\/h3>\n<h3><\/h3>\n<\/div><\/section><br \/>\n<section  class='av_textblock_section av-mnr7onqp-5658145bc31ad45cc097c3688d72108a'   itemscope=\"itemscope\" itemtype=\"https:\/\/schema.org\/CreativeWork\" ><div class='avia_textblock'  itemprop=\"text\" ><p>Freek van Eijk a Holland Circular Hotspot (HCH) vez\u00e9rigazgat\u00f3ja, amely egy f\u00fcggetlen, cselekv\u00e9sorient\u00e1lt platform, amely nemzetk\u00f6zi szinten seg\u00edti a k\u00f6rforg\u00e1sos gazdas\u00e1gra val\u00f3 \u00e1t\u00e1ll\u00e1st az\u00e1ltal, hogy \u00f6sszekapcsolja a korm\u00e1nyzati szerveket, tud\u00e1sint\u00e9zm\u00e9nyeket \u00e9s k\u00fcl\u00f6n\u00f6sen a v\u00e1llalatokat. Az HCH t\u00e1mogatja a tud\u00e1smegoszt\u00e1st azzal a c\u00e9llal, hogy \u00f6szt\u00f6n\u00f6zze a k\u00f6rforg\u00e1sos gazdas\u00e1g ter\u00fclet\u00e9n m\u0171k\u00f6d\u0151 v\u00e1llalkoz\u00e1sokat. Az HCH egy n\u00f6vekv\u0151 glob\u00e1lis mozgalom koordin\u00e1tora, amely \u00f6sszekapcsolja a k\u00f6rforg\u00e1sos gazdas\u00e1gi (Circular Economy) hubokat, \u00e9s vil\u00e1gszerte kataliz\u00e1lja a Circular Economy Hotspot esem\u00e9nyeket.<\/p>\n<p>Freek van Eijk 2020 \u00e9s 2025 k\u00f6z\u00f6tt az EU Circular Economy Stakeholder Platform (ECESP) koordin\u00e1ci\u00f3s csoportj\u00e1nak t\u00e1rseln\u00f6ke volt. Emellett hossz\u00fa \u00e9veken \u00e1t a Circular Biobased Delta, valamint a Holland Hullad\u00e9kgazd\u00e1lkod\u00e1si Sz\u00f6vets\u00e9g aleln\u00f6ke volt.<\/p>\n<p>Jelenleg az ISWA World Congress 2027 Alap\u00edtv\u00e1ny igazgat\u00f3tan\u00e1cs\u00e1nak tagja. Emellett a LUISS Business School adjunktus professzora, valamint t\u00f6bb korm\u00e1nyzati \u00e9s mag\u00e1n tan\u00e1csad\u00f3 test\u00fclet, illetve innov\u00e1ci\u00f3s d\u00edjakat oda\u00edt\u00e9l\u0151 zs\u0171ri tagja.<\/p>\n<\/div><\/section><\/p><\/div>\n<div  class='flex_column av-95j3w-f0fcbc904e91f18926a96aa9ed408878 av_one_third  avia-builder-el-3  el_after_av_three_fifth  avia-builder-el-last  flex_column_div'     ><style type=\"text\/css\" data-created_by=\"avia_inline_auto\" id=\"style-css-av-mnr7mivq-092c9b3c6c5ba47b95c369aafbdee799\">\n.avia-image-container.av-mnr7mivq-092c9b3c6c5ba47b95c369aafbdee799 img.avia_image{\nbox-shadow:none;\n}\n.avia-image-container.av-mnr7mivq-092c9b3c6c5ba47b95c369aafbdee799 .av-image-caption-overlay-center{\ncolor:#ffffff;\n}\n<\/style>\n<div  class='avia-image-container av-mnr7mivq-092c9b3c6c5ba47b95c369aafbdee799 av-styling-circle avia-align-center  avia-builder-el-4  avia-builder-el-no-sibling'   itemprop=\"image\" itemscope=\"itemscope\" itemtype=\"https:\/\/schema.org\/ImageObject\" ><div class=\"avia-image-container-inner\"><div class=\"avia-image-overlay-wrap\"><img decoding=\"async\" fetchpriority=\"high\" class='wp-image-967 avia-img-lazy-loading-not-967 avia_image' src=\"https:\/\/circulareconomyhotspotbudapest.com\/wp-content\/uploads\/2026\/04\/Hotspot-Portrek-10-300x300.png\" alt='' title='Hotspot Portr\u00e9k (10)'  height=\"300\" width=\"300\"  itemprop=\"thumbnailUrl\" srcset=\"https:\/\/circulareconomyhotspotbudapest.com\/wp-content\/uploads\/2026\/04\/Hotspot-Portrek-10-300x300.png 300w, https:\/\/circulareconomyhotspotbudapest.com\/wp-content\/uploads\/2026\/04\/Hotspot-Portrek-10-80x80.png 80w, https:\/\/circulareconomyhotspotbudapest.com\/wp-content\/uploads\/2026\/04\/Hotspot-Portrek-10-768x768.png 768w, https:\/\/circulareconomyhotspotbudapest.com\/wp-content\/uploads\/2026\/04\/Hotspot-Portrek-10-12x12.png 12w, https:\/\/circulareconomyhotspotbudapest.com\/wp-content\/uploads\/2026\/04\/Hotspot-Portrek-10-36x36.png 36w, https:\/\/circulareconomyhotspotbudapest.com\/wp-content\/uploads\/2026\/04\/Hotspot-Portrek-10-180x180.png 180w, https:\/\/circulareconomyhotspotbudapest.com\/wp-content\/uploads\/2026\/04\/Hotspot-Portrek-10-705x705.png 705w, https:\/\/circulareconomyhotspotbudapest.com\/wp-content\/uploads\/2026\/04\/Hotspot-Portrek-10-120x120.png 120w, https:\/\/circulareconomyhotspotbudapest.com\/wp-content\/uploads\/2026\/04\/Hotspot-Portrek-10-450x450.png 450w, https:\/\/circulareconomyhotspotbudapest.com\/wp-content\/uploads\/2026\/04\/Hotspot-Portrek-10-600x600.png 600w, https:\/\/circulareconomyhotspotbudapest.com\/wp-content\/uploads\/2026\/04\/Hotspot-Portrek-10-100x100.png 100w, https:\/\/circulareconomyhotspotbudapest.com\/wp-content\/uploads\/2026\/04\/Hotspot-Portrek-10.png 1000w\" sizes=\"(max-width: 300px) 100vw, 300px\" \/><\/div><\/div><\/div><\/div>","protected":false},"excerpt":{"rendered":"<p>Vez\u00e9rigazgat\u00f3<br \/>Holland Circular Hotspot<\/p>","protected":false},"author":3,"featured_media":967,"comment_status":"open","ping_status":"closed","template":"","meta":{"footnotes":""},"tags":[],"portfolio_entries":[29],"class_list":["post-965","portfolio","type-portfolio","status-publish","has-post-thumbnail","hentry","portfolio_entries-circular-economy"],"_links":{"self":[{"href":"https:\/\/circulareconomyhotspotbudapest.com\/hu\/wp-json\/wp\/v2\/portfolio\/965","targetHints":{"allow":["GET"]}}],"collection":[{"href":"https:\/\/circulareconomyhotspotbudapest.com\/hu\/wp-json\/wp\/v2\/portfolio"}],"about":[{"href":"https:\/\/circulareconomyhotspotbudapest.com\/hu\/wp-json\/wp\/v2\/types\/portfolio"}],"author":[{"embeddable":true,"href":"https:\/\/circulareconomyhotspotbudapest.com\/hu\/wp-json\/wp\/v2\/users\/3"}],"replies":[{"embeddable":true,"href":"https:\/\/circulareconomyhotspotbudapest.com\/hu\/wp-json\/wp\/v2\/comments?post=965"}],"version-history":[{"count":3,"href":"https:\/\/circulareconomyhotspotbudapest.com\/hu\/wp-json\/wp\/v2\/portfolio\/965\/revisions"}],"predecessor-version":[{"id":970,"href":"https:\/\/circulareconomyhotspotbudapest.com\/hu\/wp-json\/wp\/v2\/portfolio\/965\/revisions\/970"}],"wp:featuredmedia":[{"embeddable":true,"href":"https:\/\/circulareconomyhotspotbudapest.com\/hu\/wp-json\/wp\/v2\/media\/967"}],"wp:attachment":[{"href":"https:\/\/circulareconomyhotspotbudapest.com\/hu\/wp-json\/wp\/v2\/media?parent=965"}],"wp:term":[{"taxonomy":"post_tag","embeddable":true,"href":"https:\/\/circulareconomyhotspotbudapest.com\/hu\/wp-json\/wp\/v2\/tags?post=965"},{"taxonomy":"portfolio_entries","embeddable":true,"href":"https:\/\/circulareconomyhotspotbudapest.com\/hu\/wp-json\/wp\/v2\/portfolio_entries?post=965"}],"curies":[{"name":"wp","href":"https:\/\/api.w.org\/{rel}","templated":true}]}}

<div  class='flex_column av-h4aes-8ab347a7b93bca422a8753491701622c av_three_fifth  avia-builder-el-0  el_before_av_one_third  avia-builder-el-first  first flex_column_div'     ><section  class='av_textblock_section av-mnr7l2lw-e54a46a20c28b3671cbc2434d791c2d7'   itemscope="itemscope" itemtype="https://schema.org/CreativeWork" ><div class='avia_textblock'  itemprop="text" ><h2><span class="NormalTextRun SpellingErrorV2Themed SpellingErrorHighlight SCXW137679521 BCX0">Freek</span><span class="NormalTextRun SCXW137679521 BCX0"> van Eijk</span></h2>
<h3><span data-contrast="auto">Vezérigazgató</span></h3>
<h3><span data-ccp-props="{"><span class="NormalTextRun SCXW20843708 BCX0">Holland </span><span class="NormalTextRun SpellingErrorV2Themed SCXW20843708 BCX0">Circular</span><span class="NormalTextRun SCXW20843708 BCX0"> </span><span class="NormalTextRun SpellingErrorV2Themed SCXW20843708 BCX0">Hotspot</span><span class="NormalTextRun SCXW20843708 BCX0"> </span> </span></h3>
<h3></h3>
<h3></h3>
</div></section><br />
<section  class='av_textblock_section av-mnr7onqp-5658145bc31ad45cc097c3688d72108a'   itemscope="itemscope" itemtype="https://schema.org/CreativeWork" ><div class='avia_textblock'  itemprop="text" ><p>Freek van Eijk a Holland Circular Hotspot (HCH) vezérigazgatója, amely egy független, cselekvésorientált platform, amely nemzetközi szinten segíti a körforgásos gazdaságra való átállást azáltal, hogy összekapcsolja a kormányzati szerveket, tudásintézményeket és különösen a vállalatokat. Az HCH támogatja a tudásmegosztást azzal a céllal, hogy ösztönözze a körforgásos gazdaság területén működő vállalkozásokat. Az HCH egy növekvő globális mozgalom koordinátora, amely összekapcsolja a körforgásos gazdasági (Circular Economy) hubokat, és világszerte katalizálja a Circular Economy Hotspot eseményeket.</p>
<p>Freek van Eijk 2020 és 2025 között az EU Circular Economy Stakeholder Platform (ECESP) koordinációs csoportjának társelnöke volt. Emellett hosszú éveken át a Circular Biobased Delta, valamint a Holland Hulladékgazdálkodási Szövetség alelnöke volt.</p>
<p>Jelenleg az ISWA World Congress 2027 Alapítvány igazgatótanácsának tagja. Emellett a LUISS Business School adjunktus professzora, valamint több kormányzati és magán tanácsadó testület, illetve innovációs díjakat odaítélő zsűri tagja.</p>
</div></section></p></div>
<div  class='flex_column av-95j3w-f0fcbc904e91f18926a96aa9ed408878 av_one_third  avia-builder-el-3  el_after_av_three_fifth  avia-builder-el-last  flex_column_div'     ><style type="text/css" data-created_by="avia_inline_auto" id="style-css-av-mnr7mivq-092c9b3c6c5ba47b95c369aafbdee799">
.avia-image-container.av-mnr7mivq-092c9b3c6c5ba47b95c369aafbdee799 img.avia_image{
box-shadow:none;
}
.avia-image-container.av-mnr7mivq-092c9b3c6c5ba47b95c369aafbdee799 .av-image-caption-overlay-center{
color:#ffffff;
}
</style>
<div  class='avia-image-container av-mnr7mivq-092c9b3c6c5ba47b95c369aafbdee799 av-styling-circle avia-align-center  avia-builder-el-4  avia-builder-el-no-sibling'   itemprop="image" itemscope="itemscope" itemtype="https://schema.org/ImageObject" ><div class="avia-image-container-inner"><div class="avia-image-overlay-wrap"><img decoding="async" fetchpriority="high" class='wp-image-967 avia-img-lazy-loading-not-967 avia_image' src="https://circulareconomyhotspotbudapest.com/wp-content/uploads/2026/04/Hotspot-Portrek-10-300x300.png" alt='' title='Hotspot Portrék (10)'  height="300" width="300"  itemprop="thumbnailUrl" srcset="https://circulareconomyhotspotbudapest.com/wp-content/uploads/2026/04/Hotspot-Portrek-10-300x300.png 300w, https://circulareconomyhotspotbudapest.com/wp-content/uploads/2026/04/Hotspot-Portrek-10-80x80.png 80w, https://circulareconomyhotspotbudapest.com/wp-content/uploads/2026/04/Hotspot-Portrek-10-768x768.png 768w, https://circulareconomyhotspotbudapest.com/wp-content/uploads/2026/04/Hotspot-Portrek-10-12x12.png 12w, https://circulareconomyhotspotbudapest.com/wp-content/uploads/2026/04/Hotspot-Portrek-10-36x36.png 36w, https://circulareconomyhotspotbudapest.com/wp-content/uploads/2026/04/Hotspot-Portrek-10-180x180.png 180w, https://circulareconomyhotspotbudapest.com/wp-content/uploads/2026/04/Hotspot-Portrek-10-705x705.png 705w, https://circulareconomyhotspotbudapest.com/wp-content/uploads/2026/04/Hotspot-Portrek-10-120x120.png 120w, https://circulareconomyhotspotbudapest.com/wp-content/uploads/2026/04/Hotspot-Portrek-10-450x450.png 450w, https://circulareconomyhotspotbudapest.com/wp-content/uploads/2026/04/Hotspot-Portrek-10-600x600.png 600w, https://circulareconomyhotspotbudapest.com/wp-content/uploads/2026/04/Hotspot-Portrek-10-100x100.png 100w, https://circulareconomyhotspotbudapest.com/wp-content/uploads/2026/04/Hotspot-Portrek-10.png 1000w" sizes="(max-width: 300px) 100vw, 300px" /></div></div></div></div>

<p>Vezérigazgató<br />Holland Circular Hotspot</p>
