{"id":959,"date":"2026-04-24T10:45:07","date_gmt":"2026-04-24T10:45:07","guid":{"rendered":"https:\/\/circulareconomyhotspotbudapest.com\/?post_type=portfolio&#038;p=959"},"modified":"2026-04-24T15:12:46","modified_gmt":"2026-04-24T15:12:46","slug":"fekete-gyorgy","status":"publish","type":"portfolio","link":"https:\/\/circulareconomyhotspotbudapest.com\/hu\/speaker\/fekete-gyorgy\/","title":{"rendered":"Dr. Fekete Gy\u00f6rgy"},"content":{"rendered":"<div  class='flex_column av-h4aes-8ab347a7b93bca422a8753491701622c av_three_fifth  avia-builder-el-0  el_before_av_one_third  avia-builder-el-first  first flex_column_div'     ><section  class='av_textblock_section av-mnr7l2lw-e54a46a20c28b3671cbc2434d791c2d7'   itemscope=\"itemscope\" itemtype=\"https:\/\/schema.org\/CreativeWork\" ><div class='avia_textblock'  itemprop=\"text\" ><h2><b><span data-contrast=\"auto\">Dr. Fekete Gy\u00f6rgy<\/span><\/b><\/h2>\n<h3><span data-contrast=\"auto\">Vezet\u0151, K\u00f6rforg\u00e1sos Gazdas\u00e1g Elemz\u0151 K\u00f6zpont <\/span><\/h3>\n<h3><span data-contrast=\"auto\">MATE<\/span><span data-ccp-props=\"{\"134233117\":false,\"134233118\":false,\"335551550\":0,\"335551620\":0,\"335559738\":240,\"335559739\":240}\">\u00a0<\/span><\/h3>\n<h3><\/h3>\n<h3><\/h3>\n<\/div><\/section><br \/>\n<section  class='av_textblock_section av-mnr7onqp-5658145bc31ad45cc097c3688d72108a'   itemscope=\"itemscope\" itemtype=\"https:\/\/schema.org\/CreativeWork\" ><div class='avia_textblock'  itemprop=\"text\" ><p>A Magyar Agr\u00e1r- \u00e9s \u00c9lettudom\u00e1nyi Egyetem jogel\u0151dj\u00e9n, a Szent Istv\u00e1n Egyetem k\u00f6rnyezetm\u00e9rn\u00f6k szak\u00e1n diplom\u00e1zott 2012-ben. Az MSc k\u00e9pz\u00e9st ugyanezen a szakon szint\u00e9n G\u00f6d\u00f6ll\u0151n v\u00e9gezte el 2015-ben, amellyel p\u00e1rhuzamosan egy kett\u0151s diploma-program keret\u00e9ben az angliai Cranfield University-n szerzett MSc diplom\u00e1t Waste and Resource Management szakon. 2015-t\u0151l a SZIE Hullad\u00e9kgazd\u00e1lkod\u00e1si tansz\u00e9k\u00e9nek oktat\u00f3ja, 2018-t\u00f3l a ProfiKomp K\u00f6rnyezettechnika Zrt.-n\u00e9l kutat\u00f3m\u00e9rn\u00f6k. 2021-t\u0151l az MATE g\u00f6d\u00f6ll\u0151i campus\u00e1n fut\u00f3 KEHOP-3.2.1-15-2021-00037 azonos\u00edt\u00f3sz\u00e1m\u00fa projekt koordin\u00e1tora, amelynek keret\u00e9ben a campuson sikeresen megval\u00f3sult a k\u00f6rforg\u00e1sos gazdas\u00e1g a biol\u00f3giai hullad\u00e9kok eset\u00e9ben. 2024-t\u0151l a MATE K\u00f6rforg\u00e1sos Gazdas\u00e1g Elemz\u0151 K\u00f6zpontj\u00e1nak vezet\u0151je.<\/p>\n<\/div><\/section><\/p><\/div><div  class='flex_column av-95j3w-f0fcbc904e91f18926a96aa9ed408878 av_one_third  avia-builder-el-3  el_after_av_three_fifth  avia-builder-el-last  flex_column_div'     ><style type=\"text\/css\" data-created_by=\"avia_inline_auto\" id=\"style-css-av-mnr7mivq-f7b2ad0de74198b3f78d3039a45735bc\">\n.avia-image-container.av-mnr7mivq-f7b2ad0de74198b3f78d3039a45735bc img.avia_image{\nbox-shadow:none;\n}\n.avia-image-container.av-mnr7mivq-f7b2ad0de74198b3f78d3039a45735bc .av-image-caption-overlay-center{\ncolor:#ffffff;\n}\n<\/style>\n<div  class='avia-image-container av-mnr7mivq-f7b2ad0de74198b3f78d3039a45735bc av-styling-circle avia-align-center  avia-builder-el-4  avia-builder-el-no-sibling'   itemprop=\"image\" itemscope=\"itemscope\" itemtype=\"https:\/\/schema.org\/ImageObject\" ><div class=\"avia-image-container-inner\"><div class=\"avia-image-overlay-wrap\"><img decoding=\"async\" fetchpriority=\"high\" class='wp-image-960 avia-img-lazy-loading-not-960 avia_image' src=\"https:\/\/circulareconomyhotspotbudapest.com\/wp-content\/uploads\/2026\/04\/Hotspot-Portrek-9-300x300.png\" alt='' title='Hotspot Portr\u00e9k (9)'  height=\"300\" width=\"300\"  itemprop=\"thumbnailUrl\" srcset=\"https:\/\/circulareconomyhotspotbudapest.com\/wp-content\/uploads\/2026\/04\/Hotspot-Portrek-9-300x300.png 300w, https:\/\/circulareconomyhotspotbudapest.com\/wp-content\/uploads\/2026\/04\/Hotspot-Portrek-9-80x80.png 80w, https:\/\/circulareconomyhotspotbudapest.com\/wp-content\/uploads\/2026\/04\/Hotspot-Portrek-9-768x768.png 768w, https:\/\/circulareconomyhotspotbudapest.com\/wp-content\/uploads\/2026\/04\/Hotspot-Portrek-9-12x12.png 12w, https:\/\/circulareconomyhotspotbudapest.com\/wp-content\/uploads\/2026\/04\/Hotspot-Portrek-9-36x36.png 36w, https:\/\/circulareconomyhotspotbudapest.com\/wp-content\/uploads\/2026\/04\/Hotspot-Portrek-9-180x180.png 180w, https:\/\/circulareconomyhotspotbudapest.com\/wp-content\/uploads\/2026\/04\/Hotspot-Portrek-9-705x705.png 705w, https:\/\/circulareconomyhotspotbudapest.com\/wp-content\/uploads\/2026\/04\/Hotspot-Portrek-9-120x120.png 120w, https:\/\/circulareconomyhotspotbudapest.com\/wp-content\/uploads\/2026\/04\/Hotspot-Portrek-9-450x450.png 450w, https:\/\/circulareconomyhotspotbudapest.com\/wp-content\/uploads\/2026\/04\/Hotspot-Portrek-9-600x600.png 600w, https:\/\/circulareconomyhotspotbudapest.com\/wp-content\/uploads\/2026\/04\/Hotspot-Portrek-9-100x100.png 100w, https:\/\/circulareconomyhotspotbudapest.com\/wp-content\/uploads\/2026\/04\/Hotspot-Portrek-9.png 1000w\" sizes=\"(max-width: 300px) 100vw, 300px\" \/><\/div><\/div><\/div><\/div><\/p>","protected":false},"excerpt":{"rendered":"<p>Vezet\u0151, K\u00f6rforg\u00e1sos Gazdas\u00e1g Elemz\u0151 K\u00f6zpont<br \/>MATE<\/p>","protected":false},"author":3,"featured_media":960,"comment_status":"open","ping_status":"closed","template":"","meta":{"footnotes":""},"tags":[],"portfolio_entries":[29],"class_list":["post-959","portfolio","type-portfolio","status-publish","has-post-thumbnail","hentry","portfolio_entries-circular-economy"],"_links":{"self":[{"href":"https:\/\/circulareconomyhotspotbudapest.com\/hu\/wp-json\/wp\/v2\/portfolio\/959","targetHints":{"allow":["GET"]}}],"collection":[{"href":"https:\/\/circulareconomyhotspotbudapest.com\/hu\/wp-json\/wp\/v2\/portfolio"}],"about":[{"href":"https:\/\/circulareconomyhotspotbudapest.com\/hu\/wp-json\/wp\/v2\/types\/portfolio"}],"author":[{"embeddable":true,"href":"https:\/\/circulareconomyhotspotbudapest.com\/hu\/wp-json\/wp\/v2\/users\/3"}],"replies":[{"embeddable":true,"href":"https:\/\/circulareconomyhotspotbudapest.com\/hu\/wp-json\/wp\/v2\/comments?post=959"}],"version-history":[{"count":3,"href":"https:\/\/circulareconomyhotspotbudapest.com\/hu\/wp-json\/wp\/v2\/portfolio\/959\/revisions"}],"predecessor-version":[{"id":964,"href":"https:\/\/circulareconomyhotspotbudapest.com\/hu\/wp-json\/wp\/v2\/portfolio\/959\/revisions\/964"}],"wp:featuredmedia":[{"embeddable":true,"href":"https:\/\/circulareconomyhotspotbudapest.com\/hu\/wp-json\/wp\/v2\/media\/960"}],"wp:attachment":[{"href":"https:\/\/circulareconomyhotspotbudapest.com\/hu\/wp-json\/wp\/v2\/media?parent=959"}],"wp:term":[{"taxonomy":"post_tag","embeddable":true,"href":"https:\/\/circulareconomyhotspotbudapest.com\/hu\/wp-json\/wp\/v2\/tags?post=959"},{"taxonomy":"portfolio_entries","embeddable":true,"href":"https:\/\/circulareconomyhotspotbudapest.com\/hu\/wp-json\/wp\/v2\/portfolio_entries?post=959"}],"curies":[{"name":"wp","href":"https:\/\/api.w.org\/{rel}","templated":true}]}}

Dr. Fekete György

<div  class='flex_column av-h4aes-8ab347a7b93bca422a8753491701622c av_three_fifth  avia-builder-el-0  el_before_av_one_third  avia-builder-el-first  first flex_column_div'     ><section  class='av_textblock_section av-mnr7l2lw-e54a46a20c28b3671cbc2434d791c2d7'   itemscope="itemscope" itemtype="https://schema.org/CreativeWork" ><div class='avia_textblock'  itemprop="text" ><h2><b><span data-contrast="auto">Dr. Fekete György</span></b></h2>
<h3><span data-contrast="auto">Vezető, Körforgásos Gazdaság Elemző Központ </span></h3>
<h3><span data-contrast="auto">MATE</span><span data-ccp-props="{"134233117":false,"134233118":false,"335551550":0,"335551620":0,"335559738":240,"335559739":240}"> </span></h3>
<h3></h3>
<h3></h3>
</div></section><br />
<section  class='av_textblock_section av-mnr7onqp-5658145bc31ad45cc097c3688d72108a'   itemscope="itemscope" itemtype="https://schema.org/CreativeWork" ><div class='avia_textblock'  itemprop="text" ><p>A Magyar Agrár- és Élettudományi Egyetem jogelődjén, a Szent István Egyetem környezetmérnök szakán diplomázott 2012-ben. Az MSc képzést ugyanezen a szakon szintén Gödöllőn végezte el 2015-ben, amellyel párhuzamosan egy kettős diploma-program keretében az angliai Cranfield University-n szerzett MSc diplomát Waste and Resource Management szakon. 2015-től a SZIE Hulladékgazdálkodási tanszékének oktatója, 2018-tól a ProfiKomp Környezettechnika Zrt.-nél kutatómérnök. 2021-től az MATE gödöllői campusán futó KEHOP-3.2.1-15-2021-00037 azonosítószámú projekt koordinátora, amelynek keretében a campuson sikeresen megvalósult a körforgásos gazdaság a biológiai hulladékok esetében. 2024-től a MATE Körforgásos Gazdaság Elemző Központjának vezetője.</p>
</div></section></p></div><div  class='flex_column av-95j3w-f0fcbc904e91f18926a96aa9ed408878 av_one_third  avia-builder-el-3  el_after_av_three_fifth  avia-builder-el-last  flex_column_div'     ><style type="text/css" data-created_by="avia_inline_auto" id="style-css-av-mnr7mivq-f7b2ad0de74198b3f78d3039a45735bc">
.avia-image-container.av-mnr7mivq-f7b2ad0de74198b3f78d3039a45735bc img.avia_image{
box-shadow:none;
}
.avia-image-container.av-mnr7mivq-f7b2ad0de74198b3f78d3039a45735bc .av-image-caption-overlay-center{
color:#ffffff;
}
</style>
<div  class='avia-image-container av-mnr7mivq-f7b2ad0de74198b3f78d3039a45735bc av-styling-circle avia-align-center  avia-builder-el-4  avia-builder-el-no-sibling'   itemprop="image" itemscope="itemscope" itemtype="https://schema.org/ImageObject" ><div class="avia-image-container-inner"><div class="avia-image-overlay-wrap"><img decoding="async" fetchpriority="high" class='wp-image-960 avia-img-lazy-loading-not-960 avia_image' src="https://circulareconomyhotspotbudapest.com/wp-content/uploads/2026/04/Hotspot-Portrek-9-300x300.png" alt='' title='Hotspot Portrék (9)'  height="300" width="300"  itemprop="thumbnailUrl" srcset="https://circulareconomyhotspotbudapest.com/wp-content/uploads/2026/04/Hotspot-Portrek-9-300x300.png 300w, https://circulareconomyhotspotbudapest.com/wp-content/uploads/2026/04/Hotspot-Portrek-9-80x80.png 80w, https://circulareconomyhotspotbudapest.com/wp-content/uploads/2026/04/Hotspot-Portrek-9-768x768.png 768w, https://circulareconomyhotspotbudapest.com/wp-content/uploads/2026/04/Hotspot-Portrek-9-12x12.png 12w, https://circulareconomyhotspotbudapest.com/wp-content/uploads/2026/04/Hotspot-Portrek-9-36x36.png 36w, https://circulareconomyhotspotbudapest.com/wp-content/uploads/2026/04/Hotspot-Portrek-9-180x180.png 180w, https://circulareconomyhotspotbudapest.com/wp-content/uploads/2026/04/Hotspot-Portrek-9-705x705.png 705w, https://circulareconomyhotspotbudapest.com/wp-content/uploads/2026/04/Hotspot-Portrek-9-120x120.png 120w, https://circulareconomyhotspotbudapest.com/wp-content/uploads/2026/04/Hotspot-Portrek-9-450x450.png 450w, https://circulareconomyhotspotbudapest.com/wp-content/uploads/2026/04/Hotspot-Portrek-9-600x600.png 600w, https://circulareconomyhotspotbudapest.com/wp-content/uploads/2026/04/Hotspot-Portrek-9-100x100.png 100w, https://circulareconomyhotspotbudapest.com/wp-content/uploads/2026/04/Hotspot-Portrek-9.png 1000w" sizes="(max-width: 300px) 100vw, 300px" /></div></div></div></div></p>

<p>Vezető, Körforgásos Gazdaság Elemző Központ<br />MATE</p>
