{"id":938,"date":"2026-04-22T16:04:40","date_gmt":"2026-04-22T16:04:40","guid":{"rendered":"https:\/\/circulareconomyhotspotbudapest.com\/?post_type=portfolio&#038;p=938"},"modified":"2026-04-22T16:04:41","modified_gmt":"2026-04-22T16:04:41","slug":"marta-iren","status":"publish","type":"portfolio","link":"https:\/\/circulareconomyhotspotbudapest.com\/hu\/speaker\/marta-iren\/","title":{"rendered":"M\u00e1rta Ir\u00e9n"},"content":{"rendered":"<div  class='flex_column av-h4aes-8ab347a7b93bca422a8753491701622c av_three_fifth  avia-builder-el-0  el_before_av_one_third  avia-builder-el-first  first flex_column_div'     ><section  class='av_textblock_section av-mnr7l2lw-e54a46a20c28b3671cbc2434d791c2d7'   itemscope=\"itemscope\" itemtype=\"https:\/\/schema.org\/CreativeWork\" ><div class='avia_textblock'  itemprop=\"text\" ><h2><span class=\"TextRun SCXW211914938 BCX0\" lang=\"HU-HU\" xml:lang=\"HU-HU\" data-contrast=\"auto\"><span class=\"NormalTextRun SCXW211914938 BCX0\">M\u00e1rta Ir\u00e9n<\/span><\/span><\/h2>\n<h3><span class=\"TextRun SCXW79656116 BCX0\" lang=\"EN-GB\" xml:lang=\"EN-GB\" data-contrast=\"auto\"><span class=\"NormalTextRun SCXW79656116 BCX0\">\u00dcgyvezet\u0151 igazgat\u00f3<\/span><\/span><span class=\"EOP SCXW79656116 BCX0\" data-ccp-props=\"{}\">\u00a0<\/span><\/h3>\n<h3><span class=\"TextRun SCXW192113220 BCX0\" lang=\"EN-GB\" xml:lang=\"EN-GB\" data-contrast=\"auto\"><span class=\"NormalTextRun SCXW192113220 BCX0\">Magyarorsz\u00e1gi \u00dczleti Tan\u00e1cs a Fenntarthat\u00f3 Fejl\u0151d\u00e9s\u00e9rt<\/span><\/span><span class=\"EOP SCXW192113220 BCX0\" data-ccp-props=\"{}\">\u00a0<\/span><\/h3>\n<\/div><\/section><br \/>\n<section  class='av_textblock_section av-mnr7onqp-5658145bc31ad45cc097c3688d72108a'   itemscope=\"itemscope\" itemtype=\"https:\/\/schema.org\/CreativeWork\" ><div class='avia_textblock'  itemprop=\"text\" ><p>M\u00e1rta Ir\u00e9n k\u00f6zgazd\u00e1sz \u00e9s fenntarthat\u00f3s\u00e1gi szakember jelent\u0151s multinacion\u00e1lis tapasztalattal. E feladat\u00e1nak tartja a fenntarthat\u00f3 gazdas\u00e1gba t\u00f6rt\u00e9n\u0151 \u00e1tmenet felgyors\u00edt\u00e1s\u00e1t, a tud\u00e1smegoszt\u00e1s \u00e9s az egy\u00fcttm\u0171k\u00f6d\u00e9s el\u0151seg\u00edt\u00e9s\u00e9t a magyar \u00fczleti \u00e9let, a tudom\u00e1nyos \u00e9s szab\u00e1lyoz\u00f3i szf\u00e9ra szerepl\u0151i k\u00f6z\u00f6tt. Hisz abban, hogy a fenntarthat\u00f3, felel\u0151s v\u00e1llalati m\u0171k\u00f6d\u00e9s versenyel\u0151ny \u00e9s hossz\u00fa t\u00e1von az egyetlen lehet\u0151s\u00e9g. Ezt el\u0151ad\u00e1sokon \u00e9s mentor\u00e1l\u00e1son kereszt\u00fcl is n\u00e9pszer\u0171s\u00edti. \nT\u00f6bb mint 20 \u00e9vnyi elk\u00f6telezett munk\u00e1j\u00e1nak eredm\u00e9nyek\u00e9nt a v\u00e1llalat fenntarthat\u00f3s\u00e1gi nagyk\u00f6vet\u00e9nek v\u00e1lasztott\u00e1k. Sz\u00e1mos meghat\u00e1roz\u00f3 szervezet, \u00fagy mint a Magyar K\u00f6rnyezettudatos \u00c9p\u00edt\u00e9s Egyes\u00fclet \u00e9s a\u202fMagyar \u00c9ghajlatv\u00e1ltoz\u00e1si Tudom\u00e1nyos Test\u00fclet alap\u00edt\u00f3tagja. Neves fenntarthat\u00f3s\u00e1gi d\u00edjak szakmai zs\u0171rij\u00e9ben v\u00e9gez munk\u00e1t.<\/p>\n<\/div><\/section><\/p><\/div><div  class='flex_column av-95j3w-f0fcbc904e91f18926a96aa9ed408878 av_one_third  avia-builder-el-3  el_after_av_three_fifth  avia-builder-el-last  flex_column_div'     ><style type=\"text\/css\" data-created_by=\"avia_inline_auto\" id=\"style-css-av-mnr7mivq-3e0ac0e8c44af7e09413119c053ea060\">\n.avia-image-container.av-mnr7mivq-3e0ac0e8c44af7e09413119c053ea060 img.avia_image{\nbox-shadow:none;\n}\n.avia-image-container.av-mnr7mivq-3e0ac0e8c44af7e09413119c053ea060 .av-image-caption-overlay-center{\ncolor:#ffffff;\n}\n<\/style>\n<div  class='avia-image-container av-mnr7mivq-3e0ac0e8c44af7e09413119c053ea060 av-styling-circle avia-align-center  avia-builder-el-4  avia-builder-el-no-sibling'   itemprop=\"image\" itemscope=\"itemscope\" itemtype=\"https:\/\/schema.org\/ImageObject\" ><div class=\"avia-image-container-inner\"><div class=\"avia-image-overlay-wrap\"><img decoding=\"async\" fetchpriority=\"high\" class='wp-image-939 avia-img-lazy-loading-not-939 avia_image' src=\"https:\/\/circulareconomyhotspotbudapest.com\/wp-content\/uploads\/2026\/04\/Hotspot-Portrek-8-300x300.png\" alt='' title='Hotspot Portr\u00e9k (8)'  height=\"300\" width=\"300\"  itemprop=\"thumbnailUrl\" srcset=\"https:\/\/circulareconomyhotspotbudapest.com\/wp-content\/uploads\/2026\/04\/Hotspot-Portrek-8-300x300.png 300w, https:\/\/circulareconomyhotspotbudapest.com\/wp-content\/uploads\/2026\/04\/Hotspot-Portrek-8-80x80.png 80w, https:\/\/circulareconomyhotspotbudapest.com\/wp-content\/uploads\/2026\/04\/Hotspot-Portrek-8-768x768.png 768w, https:\/\/circulareconomyhotspotbudapest.com\/wp-content\/uploads\/2026\/04\/Hotspot-Portrek-8-12x12.png 12w, https:\/\/circulareconomyhotspotbudapest.com\/wp-content\/uploads\/2026\/04\/Hotspot-Portrek-8-36x36.png 36w, https:\/\/circulareconomyhotspotbudapest.com\/wp-content\/uploads\/2026\/04\/Hotspot-Portrek-8-180x180.png 180w, https:\/\/circulareconomyhotspotbudapest.com\/wp-content\/uploads\/2026\/04\/Hotspot-Portrek-8-705x705.png 705w, https:\/\/circulareconomyhotspotbudapest.com\/wp-content\/uploads\/2026\/04\/Hotspot-Portrek-8-120x120.png 120w, https:\/\/circulareconomyhotspotbudapest.com\/wp-content\/uploads\/2026\/04\/Hotspot-Portrek-8-450x450.png 450w, https:\/\/circulareconomyhotspotbudapest.com\/wp-content\/uploads\/2026\/04\/Hotspot-Portrek-8-600x600.png 600w, https:\/\/circulareconomyhotspotbudapest.com\/wp-content\/uploads\/2026\/04\/Hotspot-Portrek-8-100x100.png 100w, https:\/\/circulareconomyhotspotbudapest.com\/wp-content\/uploads\/2026\/04\/Hotspot-Portrek-8.png 1000w\" sizes=\"(max-width: 300px) 100vw, 300px\" \/><\/div><\/div><\/div><\/div><\/p>","protected":false},"excerpt":{"rendered":"<p>\u00dcgyvezet\u0151 igazgat\u00f3<br \/>Magyarorsz\u00e1gi \u00dczleti Tan\u00e1cs a Fenntarthat\u00f3 Fejl\u0151d\u00e9s\u00e9rt<\/p>","protected":false},"author":3,"featured_media":939,"comment_status":"open","ping_status":"closed","template":"","meta":{"footnotes":""},"tags":[],"portfolio_entries":[29],"class_list":["post-938","portfolio","type-portfolio","status-publish","has-post-thumbnail","hentry","portfolio_entries-circular-economy"],"_links":{"self":[{"href":"https:\/\/circulareconomyhotspotbudapest.com\/hu\/wp-json\/wp\/v2\/portfolio\/938","targetHints":{"allow":["GET"]}}],"collection":[{"href":"https:\/\/circulareconomyhotspotbudapest.com\/hu\/wp-json\/wp\/v2\/portfolio"}],"about":[{"href":"https:\/\/circulareconomyhotspotbudapest.com\/hu\/wp-json\/wp\/v2\/types\/portfolio"}],"author":[{"embeddable":true,"href":"https:\/\/circulareconomyhotspotbudapest.com\/hu\/wp-json\/wp\/v2\/users\/3"}],"replies":[{"embeddable":true,"href":"https:\/\/circulareconomyhotspotbudapest.com\/hu\/wp-json\/wp\/v2\/comments?post=938"}],"version-history":[{"count":2,"href":"https:\/\/circulareconomyhotspotbudapest.com\/hu\/wp-json\/wp\/v2\/portfolio\/938\/revisions"}],"predecessor-version":[{"id":941,"href":"https:\/\/circulareconomyhotspotbudapest.com\/hu\/wp-json\/wp\/v2\/portfolio\/938\/revisions\/941"}],"wp:featuredmedia":[{"embeddable":true,"href":"https:\/\/circulareconomyhotspotbudapest.com\/hu\/wp-json\/wp\/v2\/media\/939"}],"wp:attachment":[{"href":"https:\/\/circulareconomyhotspotbudapest.com\/hu\/wp-json\/wp\/v2\/media?parent=938"}],"wp:term":[{"taxonomy":"post_tag","embeddable":true,"href":"https:\/\/circulareconomyhotspotbudapest.com\/hu\/wp-json\/wp\/v2\/tags?post=938"},{"taxonomy":"portfolio_entries","embeddable":true,"href":"https:\/\/circulareconomyhotspotbudapest.com\/hu\/wp-json\/wp\/v2\/portfolio_entries?post=938"}],"curies":[{"name":"wp","href":"https:\/\/api.w.org\/{rel}","templated":true}]}}

Márta Irén

<div  class='flex_column av-h4aes-8ab347a7b93bca422a8753491701622c av_three_fifth  avia-builder-el-0  el_before_av_one_third  avia-builder-el-first  first flex_column_div'     ><section  class='av_textblock_section av-mnr7l2lw-e54a46a20c28b3671cbc2434d791c2d7'   itemscope="itemscope" itemtype="https://schema.org/CreativeWork" ><div class='avia_textblock'  itemprop="text" ><h2><span class="TextRun SCXW211914938 BCX0" lang="HU-HU" xml:lang="HU-HU" data-contrast="auto"><span class="NormalTextRun SCXW211914938 BCX0">Márta Irén</span></span></h2>
<h3><span class="TextRun SCXW79656116 BCX0" lang="EN-GB" xml:lang="EN-GB" data-contrast="auto"><span class="NormalTextRun SCXW79656116 BCX0">Ügyvezető igazgató</span></span><span class="EOP SCXW79656116 BCX0" data-ccp-props="{}"> </span></h3>
<h3><span class="TextRun SCXW192113220 BCX0" lang="EN-GB" xml:lang="EN-GB" data-contrast="auto"><span class="NormalTextRun SCXW192113220 BCX0">Magyarországi Üzleti Tanács a Fenntartható Fejlődésért</span></span><span class="EOP SCXW192113220 BCX0" data-ccp-props="{}"> </span></h3>
</div></section><br />
<section  class='av_textblock_section av-mnr7onqp-5658145bc31ad45cc097c3688d72108a'   itemscope="itemscope" itemtype="https://schema.org/CreativeWork" ><div class='avia_textblock'  itemprop="text" ><p>Márta Irén közgazdász és fenntarthatósági szakember jelentős multinacionális tapasztalattal. E feladatának tartja a fenntartható gazdaságba történő átmenet felgyorsítását, a tudásmegosztás és az együttműködés elősegítését a magyar üzleti élet, a tudományos és szabályozói szféra szereplői között. Hisz abban, hogy a fenntartható, felelős vállalati működés versenyelőny és hosszú távon az egyetlen lehetőség. Ezt előadásokon és mentoráláson keresztül is népszerűsíti. 
Több mint 20 évnyi elkötelezett munkájának eredményeként a vállalat fenntarthatósági nagykövetének választották. Számos meghatározó szervezet, úgy mint a Magyar Környezettudatos Építés Egyesület és a Magyar Éghajlatváltozási Tudományos Testület alapítótagja. Neves fenntarthatósági díjak szakmai zsűrijében végez munkát.</p>
</div></section></p></div><div  class='flex_column av-95j3w-f0fcbc904e91f18926a96aa9ed408878 av_one_third  avia-builder-el-3  el_after_av_three_fifth  avia-builder-el-last  flex_column_div'     ><style type="text/css" data-created_by="avia_inline_auto" id="style-css-av-mnr7mivq-3e0ac0e8c44af7e09413119c053ea060">
.avia-image-container.av-mnr7mivq-3e0ac0e8c44af7e09413119c053ea060 img.avia_image{
box-shadow:none;
}
.avia-image-container.av-mnr7mivq-3e0ac0e8c44af7e09413119c053ea060 .av-image-caption-overlay-center{
color:#ffffff;
}
</style>
<div  class='avia-image-container av-mnr7mivq-3e0ac0e8c44af7e09413119c053ea060 av-styling-circle avia-align-center  avia-builder-el-4  avia-builder-el-no-sibling'   itemprop="image" itemscope="itemscope" itemtype="https://schema.org/ImageObject" ><div class="avia-image-container-inner"><div class="avia-image-overlay-wrap"><img decoding="async" fetchpriority="high" class='wp-image-939 avia-img-lazy-loading-not-939 avia_image' src="https://circulareconomyhotspotbudapest.com/wp-content/uploads/2026/04/Hotspot-Portrek-8-300x300.png" alt='' title='Hotspot Portrék (8)'  height="300" width="300"  itemprop="thumbnailUrl" srcset="https://circulareconomyhotspotbudapest.com/wp-content/uploads/2026/04/Hotspot-Portrek-8-300x300.png 300w, https://circulareconomyhotspotbudapest.com/wp-content/uploads/2026/04/Hotspot-Portrek-8-80x80.png 80w, https://circulareconomyhotspotbudapest.com/wp-content/uploads/2026/04/Hotspot-Portrek-8-768x768.png 768w, https://circulareconomyhotspotbudapest.com/wp-content/uploads/2026/04/Hotspot-Portrek-8-12x12.png 12w, https://circulareconomyhotspotbudapest.com/wp-content/uploads/2026/04/Hotspot-Portrek-8-36x36.png 36w, https://circulareconomyhotspotbudapest.com/wp-content/uploads/2026/04/Hotspot-Portrek-8-180x180.png 180w, https://circulareconomyhotspotbudapest.com/wp-content/uploads/2026/04/Hotspot-Portrek-8-705x705.png 705w, https://circulareconomyhotspotbudapest.com/wp-content/uploads/2026/04/Hotspot-Portrek-8-120x120.png 120w, https://circulareconomyhotspotbudapest.com/wp-content/uploads/2026/04/Hotspot-Portrek-8-450x450.png 450w, https://circulareconomyhotspotbudapest.com/wp-content/uploads/2026/04/Hotspot-Portrek-8-600x600.png 600w, https://circulareconomyhotspotbudapest.com/wp-content/uploads/2026/04/Hotspot-Portrek-8-100x100.png 100w, https://circulareconomyhotspotbudapest.com/wp-content/uploads/2026/04/Hotspot-Portrek-8.png 1000w" sizes="(max-width: 300px) 100vw, 300px" /></div></div></div></div></p>

<p>Ügyvezető igazgató<br />Magyarországi Üzleti Tanács a Fenntartható Fejlődésért</p>
