{"id":921,"date":"2026-04-22T14:40:59","date_gmt":"2026-04-22T14:40:59","guid":{"rendered":"https:\/\/circulareconomyhotspotbudapest.com\/?post_type=portfolio&#038;p=921"},"modified":"2026-04-27T16:15:10","modified_gmt":"2026-04-27T16:15:10","slug":"bartha-horvath-balint","status":"publish","type":"portfolio","link":"https:\/\/circulareconomyhotspotbudapest.com\/hu\/speaker\/bartha-horvath-balint\/","title":{"rendered":"Bartha-Horv\u00e1th B\u00e1lint"},"content":{"rendered":"<div  class='flex_column av-h4aes-8ab347a7b93bca422a8753491701622c av_three_fifth  avia-builder-el-0  el_before_av_two_fifth  avia-builder-el-first  first flex_column_div'     ><section  class='av_textblock_section av-mnr7l2lw-e54a46a20c28b3671cbc2434d791c2d7'   itemscope=\"itemscope\" itemtype=\"https:\/\/schema.org\/CreativeWork\" ><div class='avia_textblock'  itemprop=\"text\" ><h2><b>Bartha-Horv\u00e1th B\u00e1lint<\/b><\/h2>\n<h3>Igazgat\u00f3helyettes<\/h3>\n<h3>ESG &#038; Sustainability Solutions<\/h3>\n<h3><\/h3>\n<h3><\/h3>\n<\/div><\/section><br \/>\n<section  class='av_textblock_section av-mnr7onqp-5658145bc31ad45cc097c3688d72108a'   itemscope=\"itemscope\" itemtype=\"https:\/\/schema.org\/CreativeWork\" ><div class='avia_textblock'  itemprop=\"text\" ><div class=\"\" data-turn-id-container=\"1eb60f09-b566-438c-b0f6-1a03c865d7a4\" data-is-intersecting=\"true\">B\u00e1lint menedzsment \u00e9s \u00fczleti adminisztr\u00e1ci\u00f3 ter\u00fclet\u00e9n szerzett PhD fokozattal rendelkezik, doktori \u00e9rtekez\u00e9s\u00e9t a k\u00f6rforg\u00e1sos \u00fczleti modellek t\u00e9m\u00e1j\u00e1ban \u00edrta. A CBRE Hungary-n\u00e9l dolgozik green building szak\u00e9rt\u0151k\u00e9nt, ahol szakter\u00fcletei k\u00f6z\u00e9 tartoznak a z\u00f6ld\u00e9p\u00fclet-min\u0151s\u00edt\u00e9sek (pl. LEED, BREEAM), az \u00e9p\u00fcletek teljes \u00e9letciklusra vet\u00edtett karbonl\u00e1bnyom\u00e1nak \u00e9rt\u00e9kel\u00e9se, valamint az \u00e9p\u00fcletekhez kapcsol\u00f3d\u00f3 hullad\u00e9koptimaliz\u00e1l\u00e1s. \n\nKor\u00e1bban a Holland Kir\u00e1lys\u00e1g nagyk\u00f6vets\u00e9geinek region\u00e1lis k\u00f6rforg\u00e1sos gazdas\u00e1gi szakpolitikai munkat\u00e1rsak\u00e9nt dolgozott Budapesten \u00e9s Pozsonyban. Munk\u00e1ja sor\u00e1n t\u00e1mogatta a k\u00f6rforg\u00e1sos gazdas\u00e1g ter\u00fclet\u00e9n tev\u00e9kenyked\u0151 holland v\u00e1llalatok magyar \u00e9s szlov\u00e1k piacra l\u00e9p\u00e9s\u00e9t, valamint el\u0151seg\u00edtette a tud\u00e1stranszfert Hollandia \u00e9s a k\u00f6z\u00e9p- \u00e9s kelet-eur\u00f3pai r\u00e9gi\u00f3 k\u00f6z\u00f6tt. Emellett t\u00f6bb fenntarthat\u00f3s\u00e1ggal kapcsolatos tant\u00e1rgyat oktatott egyetemeken adjunktusk\u00e9nt \u00e9s docensk\u00e9nt.<\/div>\n<\/div><\/section><\/p><\/div><div  class='flex_column av-95j3w-f0fcbc904e91f18926a96aa9ed408878 av_two_fifth  avia-builder-el-3  el_after_av_three_fifth  el_before_av_four_fifth  flex_column_div'     ><style type=\"text\/css\" data-created_by=\"avia_inline_auto\" id=\"style-css-av-mnr7mivq-38813e49037e2455c7b7a781c619db1b\">\n.avia-image-container.av-mnr7mivq-38813e49037e2455c7b7a781c619db1b img.avia_image{\nbox-shadow:none;\n}\n.avia-image-container.av-mnr7mivq-38813e49037e2455c7b7a781c619db1b .av-image-caption-overlay-center{\ncolor:#ffffff;\n}\n<\/style>\n<div  class='avia-image-container av-mnr7mivq-38813e49037e2455c7b7a781c619db1b av-styling-circle avia-align-center  avia-builder-el-4  avia-builder-el-no-sibling'   itemprop=\"image\" itemscope=\"itemscope\" itemtype=\"https:\/\/schema.org\/ImageObject\" ><div class=\"avia-image-container-inner\"><div class=\"avia-image-overlay-wrap\"><img decoding=\"async\" fetchpriority=\"high\" class='wp-image-922 avia-img-lazy-loading-not-922 avia_image' src=\"https:\/\/circulareconomyhotspotbudapest.com\/wp-content\/uploads\/2026\/04\/Hotspot-Portrek-5-300x300.png\" alt='' title='Hotspot Portr\u00e9k (5)'  height=\"300\" width=\"300\"  itemprop=\"thumbnailUrl\" srcset=\"https:\/\/circulareconomyhotspotbudapest.com\/wp-content\/uploads\/2026\/04\/Hotspot-Portrek-5-300x300.png 300w, https:\/\/circulareconomyhotspotbudapest.com\/wp-content\/uploads\/2026\/04\/Hotspot-Portrek-5-80x80.png 80w, https:\/\/circulareconomyhotspotbudapest.com\/wp-content\/uploads\/2026\/04\/Hotspot-Portrek-5-768x768.png 768w, https:\/\/circulareconomyhotspotbudapest.com\/wp-content\/uploads\/2026\/04\/Hotspot-Portrek-5-12x12.png 12w, https:\/\/circulareconomyhotspotbudapest.com\/wp-content\/uploads\/2026\/04\/Hotspot-Portrek-5-36x36.png 36w, https:\/\/circulareconomyhotspotbudapest.com\/wp-content\/uploads\/2026\/04\/Hotspot-Portrek-5-180x180.png 180w, https:\/\/circulareconomyhotspotbudapest.com\/wp-content\/uploads\/2026\/04\/Hotspot-Portrek-5-705x705.png 705w, https:\/\/circulareconomyhotspotbudapest.com\/wp-content\/uploads\/2026\/04\/Hotspot-Portrek-5-120x120.png 120w, https:\/\/circulareconomyhotspotbudapest.com\/wp-content\/uploads\/2026\/04\/Hotspot-Portrek-5-450x450.png 450w, https:\/\/circulareconomyhotspotbudapest.com\/wp-content\/uploads\/2026\/04\/Hotspot-Portrek-5-600x600.png 600w, https:\/\/circulareconomyhotspotbudapest.com\/wp-content\/uploads\/2026\/04\/Hotspot-Portrek-5-100x100.png 100w, https:\/\/circulareconomyhotspotbudapest.com\/wp-content\/uploads\/2026\/04\/Hotspot-Portrek-5.png 1000w\" sizes=\"(max-width: 300px) 100vw, 300px\" \/><\/div><\/div><\/div><\/div><\/p>\n<div  class='flex_column av-b29sc-bfb15fb63c6326835da3a85825338c20 av_four_fifth  avia-builder-el-5  el_after_av_two_fifth  avia-builder-el-last  first flex_column_div'     ><\/div>","protected":false},"excerpt":{"rendered":"<p>Igazgat\u00f3helyettes <br \/> ESG &#038; Sustainability Solutions<\/p>","protected":false},"author":3,"featured_media":922,"comment_status":"open","ping_status":"closed","template":"","meta":{"footnotes":""},"tags":[],"portfolio_entries":[29],"class_list":["post-921","portfolio","type-portfolio","status-publish","has-post-thumbnail","hentry","portfolio_entries-circular-economy"],"_links":{"self":[{"href":"https:\/\/circulareconomyhotspotbudapest.com\/hu\/wp-json\/wp\/v2\/portfolio\/921","targetHints":{"allow":["GET"]}}],"collection":[{"href":"https:\/\/circulareconomyhotspotbudapest.com\/hu\/wp-json\/wp\/v2\/portfolio"}],"about":[{"href":"https:\/\/circulareconomyhotspotbudapest.com\/hu\/wp-json\/wp\/v2\/types\/portfolio"}],"author":[{"embeddable":true,"href":"https:\/\/circulareconomyhotspotbudapest.com\/hu\/wp-json\/wp\/v2\/users\/3"}],"replies":[{"embeddable":true,"href":"https:\/\/circulareconomyhotspotbudapest.com\/hu\/wp-json\/wp\/v2\/comments?post=921"}],"version-history":[{"count":5,"href":"https:\/\/circulareconomyhotspotbudapest.com\/hu\/wp-json\/wp\/v2\/portfolio\/921\/revisions"}],"predecessor-version":[{"id":963,"href":"https:\/\/circulareconomyhotspotbudapest.com\/hu\/wp-json\/wp\/v2\/portfolio\/921\/revisions\/963"}],"wp:featuredmedia":[{"embeddable":true,"href":"https:\/\/circulareconomyhotspotbudapest.com\/hu\/wp-json\/wp\/v2\/media\/922"}],"wp:attachment":[{"href":"https:\/\/circulareconomyhotspotbudapest.com\/hu\/wp-json\/wp\/v2\/media?parent=921"}],"wp:term":[{"taxonomy":"post_tag","embeddable":true,"href":"https:\/\/circulareconomyhotspotbudapest.com\/hu\/wp-json\/wp\/v2\/tags?post=921"},{"taxonomy":"portfolio_entries","embeddable":true,"href":"https:\/\/circulareconomyhotspotbudapest.com\/hu\/wp-json\/wp\/v2\/portfolio_entries?post=921"}],"curies":[{"name":"wp","href":"https:\/\/api.w.org\/{rel}","templated":true}]}}

Bartha-Horváth Bálint

<div  class='flex_column av-h4aes-8ab347a7b93bca422a8753491701622c av_three_fifth  avia-builder-el-0  el_before_av_two_fifth  avia-builder-el-first  first flex_column_div'     ><section  class='av_textblock_section av-mnr7l2lw-e54a46a20c28b3671cbc2434d791c2d7'   itemscope="itemscope" itemtype="https://schema.org/CreativeWork" ><div class='avia_textblock'  itemprop="text" ><h2><b>Bartha-Horváth Bálint</b></h2>
<h3>Igazgatóhelyettes</h3>
<h3>ESG &#038; Sustainability Solutions</h3>
<h3></h3>
<h3></h3>
</div></section><br />
<section  class='av_textblock_section av-mnr7onqp-5658145bc31ad45cc097c3688d72108a'   itemscope="itemscope" itemtype="https://schema.org/CreativeWork" ><div class='avia_textblock'  itemprop="text" ><div class="" data-turn-id-container="1eb60f09-b566-438c-b0f6-1a03c865d7a4" data-is-intersecting="true">Bálint menedzsment és üzleti adminisztráció területén szerzett PhD fokozattal rendelkezik, doktori értekezését a körforgásos üzleti modellek témájában írta. A CBRE Hungary-nél dolgozik green building szakértőként, ahol szakterületei közé tartoznak a zöldépület-minősítések (pl. LEED, BREEAM), az épületek teljes életciklusra vetített karbonlábnyomának értékelése, valamint az épületekhez kapcsolódó hulladékoptimalizálás. 

Korábban a Holland Királyság nagykövetségeinek regionális körforgásos gazdasági szakpolitikai munkatársaként dolgozott Budapesten és Pozsonyban. Munkája során támogatta a körforgásos gazdaság területén tevékenykedő holland vállalatok magyar és szlovák piacra lépését, valamint elősegítette a tudástranszfert Hollandia és a közép- és kelet-európai régió között. Emellett több fenntarthatósággal kapcsolatos tantárgyat oktatott egyetemeken adjunktusként és docensként.</div>
</div></section></p></div><div  class='flex_column av-95j3w-f0fcbc904e91f18926a96aa9ed408878 av_two_fifth  avia-builder-el-3  el_after_av_three_fifth  el_before_av_four_fifth  flex_column_div'     ><style type="text/css" data-created_by="avia_inline_auto" id="style-css-av-mnr7mivq-38813e49037e2455c7b7a781c619db1b">
.avia-image-container.av-mnr7mivq-38813e49037e2455c7b7a781c619db1b img.avia_image{
box-shadow:none;
}
.avia-image-container.av-mnr7mivq-38813e49037e2455c7b7a781c619db1b .av-image-caption-overlay-center{
color:#ffffff;
}
</style>
<div  class='avia-image-container av-mnr7mivq-38813e49037e2455c7b7a781c619db1b av-styling-circle avia-align-center  avia-builder-el-4  avia-builder-el-no-sibling'   itemprop="image" itemscope="itemscope" itemtype="https://schema.org/ImageObject" ><div class="avia-image-container-inner"><div class="avia-image-overlay-wrap"><img decoding="async" fetchpriority="high" class='wp-image-922 avia-img-lazy-loading-not-922 avia_image' src="https://circulareconomyhotspotbudapest.com/wp-content/uploads/2026/04/Hotspot-Portrek-5-300x300.png" alt='' title='Hotspot Portrék (5)'  height="300" width="300"  itemprop="thumbnailUrl" srcset="https://circulareconomyhotspotbudapest.com/wp-content/uploads/2026/04/Hotspot-Portrek-5-300x300.png 300w, https://circulareconomyhotspotbudapest.com/wp-content/uploads/2026/04/Hotspot-Portrek-5-80x80.png 80w, https://circulareconomyhotspotbudapest.com/wp-content/uploads/2026/04/Hotspot-Portrek-5-768x768.png 768w, https://circulareconomyhotspotbudapest.com/wp-content/uploads/2026/04/Hotspot-Portrek-5-12x12.png 12w, https://circulareconomyhotspotbudapest.com/wp-content/uploads/2026/04/Hotspot-Portrek-5-36x36.png 36w, https://circulareconomyhotspotbudapest.com/wp-content/uploads/2026/04/Hotspot-Portrek-5-180x180.png 180w, https://circulareconomyhotspotbudapest.com/wp-content/uploads/2026/04/Hotspot-Portrek-5-705x705.png 705w, https://circulareconomyhotspotbudapest.com/wp-content/uploads/2026/04/Hotspot-Portrek-5-120x120.png 120w, https://circulareconomyhotspotbudapest.com/wp-content/uploads/2026/04/Hotspot-Portrek-5-450x450.png 450w, https://circulareconomyhotspotbudapest.com/wp-content/uploads/2026/04/Hotspot-Portrek-5-600x600.png 600w, https://circulareconomyhotspotbudapest.com/wp-content/uploads/2026/04/Hotspot-Portrek-5-100x100.png 100w, https://circulareconomyhotspotbudapest.com/wp-content/uploads/2026/04/Hotspot-Portrek-5.png 1000w" sizes="(max-width: 300px) 100vw, 300px" /></div></div></div></div></p>
<div  class='flex_column av-b29sc-bfb15fb63c6326835da3a85825338c20 av_four_fifth  avia-builder-el-5  el_after_av_two_fifth  avia-builder-el-last  first flex_column_div'     ></div>

<p>Igazgatóhelyettes <br /> ESG &#038; Sustainability Solutions</p>
