{"id":909,"date":"2026-04-22T12:18:09","date_gmt":"2026-04-22T12:18:09","guid":{"rendered":"https:\/\/circulareconomyhotspotbudapest.com\/?post_type=portfolio&#038;p=909"},"modified":"2026-04-27T16:16:00","modified_gmt":"2026-04-27T16:16:00","slug":"urge-vorsatz-diana","status":"publish","type":"portfolio","link":"https:\/\/circulareconomyhotspotbudapest.com\/hu\/speaker\/urge-vorsatz-diana\/","title":{"rendered":"\u00dcrge-Vorsatz Di\u00e1na"},"content":{"rendered":"<div  class='flex_column av-h4aes-8ab347a7b93bca422a8753491701622c av_three_fifth  avia-builder-el-0  el_before_av_one_third  avia-builder-el-first  first flex_column_div'     ><section  class='av_textblock_section av-mnr7l2lw-e54a46a20c28b3671cbc2434d791c2d7'   itemscope=\"itemscope\" itemtype=\"https:\/\/schema.org\/CreativeWork\" ><div class='avia_textblock'  itemprop=\"text\" ><h2>Prof. Dr. \u00dcrge-Vorsatz\u202fDi\u00e1na<\/h2>\n<h3>Kl\u00edmakutat\u00f3<\/h3>\n<h3>Aleln\u00f6k, \u00c9ghajlatv\u00e1ltoz\u00e1si Korm\u00e1nyk\u00f6zi Test\u00fclet (IPCC)<\/h3>\n<h3>Professzor, CEU<\/h3>\n<\/div><\/section><br \/>\n<section  class='av_textblock_section av-mnr7onqp-5658145bc31ad45cc097c3688d72108a'   itemscope=\"itemscope\" itemtype=\"https:\/\/schema.org\/CreativeWork\" ><div class='avia_textblock'  itemprop=\"text\" ><p>Di\u00e1na a budapesti Radn\u00f3ti Gimn\u00e1ziumban \u00e9retts\u00e9gizett, majd az E\u00f6tv\u00f6s Lor\u00e1nd Tudom\u00e1nyegyetemen fizikus diplom\u00e1t szerzett asztrofizika szakir\u00e1nyon. 1996-ban a Kaliforniai Egyetemen szerzett PhD-fokozatot k\u00f6rnyezettudom\u00e1nyb\u00f3l. 2001 \u00f3ta a budapesti K\u00f6z\u00e9p-eur\u00f3pai Egyetem k\u00f6rnyezetv\u00e9delmi tansz\u00e9k\u00e9nek professzora. 2002 \u00f3ta k\u00f6zrem\u0171k\u00f6dik az ENSZ \u00c9ghajlatv\u00e1ltoz\u00e1si Korm\u00e1nyk\u00f6zi Test\u00fclet\u00e9nek (IPCC) munk\u00e1j\u00e1ban; a test\u00fclet tev\u00e9kenys\u00e9g\u00e9t 2007-ben Nobel-b\u00e9ked\u00edjjal ismert\u00e9k el. 2007-t\u0151l a K\u00f6z\u00e9p-eur\u00f3pai Egyetem \u00e9ghajlati \u00e9s fenntarthat\u00f3 energiapolitikai kutat\u00f3k\u00f6zpontj\u00e1nak vezet\u0151je. Oktat\u00e1si tev\u00e9kenys\u00e9get folytat hazai \u00e9s nemzetk\u00f6zi int\u00e9zm\u00e9nyekben is. 2008-ban a tudom\u00e1nyos munk\u00e1ss\u00e1g\u00e1\u00e9rt a Magyar K\u00f6zt\u00e1rsas\u00e1gi \u00c9rdemrend k\u00f6z\u00e9pkeresztje kit\u00fcntet\u00e9sben r\u00e9szes\u00fclt.<\/p>\n<\/div><\/section><\/p><\/div><div  class='flex_column av-95j3w-f0fcbc904e91f18926a96aa9ed408878 av_one_third  avia-builder-el-3  el_after_av_three_fifth  avia-builder-el-last  flex_column_div'     ><style type=\"text\/css\" data-created_by=\"avia_inline_auto\" id=\"style-css-av-mnr7mivq-daec3ca5ff234498d2590147bcdc74f5\">\n.avia-image-container.av-mnr7mivq-daec3ca5ff234498d2590147bcdc74f5 img.avia_image{\nbox-shadow:none;\n}\n.avia-image-container.av-mnr7mivq-daec3ca5ff234498d2590147bcdc74f5 .av-image-caption-overlay-center{\ncolor:#ffffff;\n}\n<\/style>\n<div  class='avia-image-container av-mnr7mivq-daec3ca5ff234498d2590147bcdc74f5 av-styling-circle avia-align-center  avia-builder-el-4  avia-builder-el-no-sibling'   itemprop=\"image\" itemscope=\"itemscope\" itemtype=\"https:\/\/schema.org\/ImageObject\" ><div class=\"avia-image-container-inner\"><div class=\"avia-image-overlay-wrap\"><img decoding=\"async\" fetchpriority=\"high\" class='wp-image-901 avia-img-lazy-loading-not-901 avia_image' src=\"https:\/\/circulareconomyhotspotbudapest.com\/wp-content\/uploads\/2026\/04\/Hotspot-Portrek-2-300x300.png\" alt='' title='Hotspot Portr\u00e9k (2)'  height=\"300\" width=\"300\"  itemprop=\"thumbnailUrl\" srcset=\"https:\/\/circulareconomyhotspotbudapest.com\/wp-content\/uploads\/2026\/04\/Hotspot-Portrek-2-300x300.png 300w, https:\/\/circulareconomyhotspotbudapest.com\/wp-content\/uploads\/2026\/04\/Hotspot-Portrek-2-80x80.png 80w, https:\/\/circulareconomyhotspotbudapest.com\/wp-content\/uploads\/2026\/04\/Hotspot-Portrek-2-768x768.png 768w, https:\/\/circulareconomyhotspotbudapest.com\/wp-content\/uploads\/2026\/04\/Hotspot-Portrek-2-12x12.png 12w, https:\/\/circulareconomyhotspotbudapest.com\/wp-content\/uploads\/2026\/04\/Hotspot-Portrek-2-36x36.png 36w, https:\/\/circulareconomyhotspotbudapest.com\/wp-content\/uploads\/2026\/04\/Hotspot-Portrek-2-180x180.png 180w, https:\/\/circulareconomyhotspotbudapest.com\/wp-content\/uploads\/2026\/04\/Hotspot-Portrek-2-705x705.png 705w, https:\/\/circulareconomyhotspotbudapest.com\/wp-content\/uploads\/2026\/04\/Hotspot-Portrek-2-120x120.png 120w, https:\/\/circulareconomyhotspotbudapest.com\/wp-content\/uploads\/2026\/04\/Hotspot-Portrek-2-450x450.png 450w, https:\/\/circulareconomyhotspotbudapest.com\/wp-content\/uploads\/2026\/04\/Hotspot-Portrek-2-600x600.png 600w, https:\/\/circulareconomyhotspotbudapest.com\/wp-content\/uploads\/2026\/04\/Hotspot-Portrek-2-100x100.png 100w, https:\/\/circulareconomyhotspotbudapest.com\/wp-content\/uploads\/2026\/04\/Hotspot-Portrek-2.png 1000w\" sizes=\"(max-width: 300px) 100vw, 300px\" \/><\/div><\/div><\/div><\/div><\/p>","protected":false},"excerpt":{"rendered":"<p>Kl\u00edmakutat\u00f3<br \/>Aleln\u00f6k, \u00c9ghajlatv\u00e1ltoz\u00e1si Korm\u00e1nyk\u00f6zi Test\u00fclet (IPCC)<br \/>Professzor, CEU<\/p>","protected":false},"author":3,"featured_media":901,"comment_status":"open","ping_status":"closed","template":"","meta":{"footnotes":""},"tags":[],"portfolio_entries":[29],"class_list":["post-909","portfolio","type-portfolio","status-publish","has-post-thumbnail","hentry","portfolio_entries-circular-economy"],"_links":{"self":[{"href":"https:\/\/circulareconomyhotspotbudapest.com\/hu\/wp-json\/wp\/v2\/portfolio\/909","targetHints":{"allow":["GET"]}}],"collection":[{"href":"https:\/\/circulareconomyhotspotbudapest.com\/hu\/wp-json\/wp\/v2\/portfolio"}],"about":[{"href":"https:\/\/circulareconomyhotspotbudapest.com\/hu\/wp-json\/wp\/v2\/types\/portfolio"}],"author":[{"embeddable":true,"href":"https:\/\/circulareconomyhotspotbudapest.com\/hu\/wp-json\/wp\/v2\/users\/3"}],"replies":[{"embeddable":true,"href":"https:\/\/circulareconomyhotspotbudapest.com\/hu\/wp-json\/wp\/v2\/comments?post=909"}],"version-history":[{"count":2,"href":"https:\/\/circulareconomyhotspotbudapest.com\/hu\/wp-json\/wp\/v2\/portfolio\/909\/revisions"}],"predecessor-version":[{"id":1019,"href":"https:\/\/circulareconomyhotspotbudapest.com\/hu\/wp-json\/wp\/v2\/portfolio\/909\/revisions\/1019"}],"wp:featuredmedia":[{"embeddable":true,"href":"https:\/\/circulareconomyhotspotbudapest.com\/hu\/wp-json\/wp\/v2\/media\/901"}],"wp:attachment":[{"href":"https:\/\/circulareconomyhotspotbudapest.com\/hu\/wp-json\/wp\/v2\/media?parent=909"}],"wp:term":[{"taxonomy":"post_tag","embeddable":true,"href":"https:\/\/circulareconomyhotspotbudapest.com\/hu\/wp-json\/wp\/v2\/tags?post=909"},{"taxonomy":"portfolio_entries","embeddable":true,"href":"https:\/\/circulareconomyhotspotbudapest.com\/hu\/wp-json\/wp\/v2\/portfolio_entries?post=909"}],"curies":[{"name":"wp","href":"https:\/\/api.w.org\/{rel}","templated":true}]}}

Ürge-Vorsatz Diána

<div  class='flex_column av-h4aes-8ab347a7b93bca422a8753491701622c av_three_fifth  avia-builder-el-0  el_before_av_one_third  avia-builder-el-first  first flex_column_div'     ><section  class='av_textblock_section av-mnr7l2lw-e54a46a20c28b3671cbc2434d791c2d7'   itemscope="itemscope" itemtype="https://schema.org/CreativeWork" ><div class='avia_textblock'  itemprop="text" ><h2>Prof. Dr. Ürge-Vorsatz Diána</h2>
<h3>Klímakutató</h3>
<h3>Alelnök, Éghajlatváltozási Kormányközi Testület (IPCC)</h3>
<h3>Professzor, CEU</h3>
</div></section><br />
<section  class='av_textblock_section av-mnr7onqp-5658145bc31ad45cc097c3688d72108a'   itemscope="itemscope" itemtype="https://schema.org/CreativeWork" ><div class='avia_textblock'  itemprop="text" ><p>Diána a budapesti Radnóti Gimnáziumban érettségizett, majd az Eötvös Loránd Tudományegyetemen fizikus diplomát szerzett asztrofizika szakirányon. 1996-ban a Kaliforniai Egyetemen szerzett PhD-fokozatot környezettudományból. 2001 óta a budapesti Közép-európai Egyetem környezetvédelmi tanszékének professzora. 2002 óta közreműködik az ENSZ Éghajlatváltozási Kormányközi Testületének (IPCC) munkájában; a testület tevékenységét 2007-ben Nobel-békedíjjal ismerték el. 2007-től a Közép-európai Egyetem éghajlati és fenntartható energiapolitikai kutatóközpontjának vezetője. Oktatási tevékenységet folytat hazai és nemzetközi intézményekben is. 2008-ban a tudományos munkásságáért a Magyar Köztársasági Érdemrend középkeresztje kitüntetésben részesült.</p>
</div></section></p></div><div  class='flex_column av-95j3w-f0fcbc904e91f18926a96aa9ed408878 av_one_third  avia-builder-el-3  el_after_av_three_fifth  avia-builder-el-last  flex_column_div'     ><style type="text/css" data-created_by="avia_inline_auto" id="style-css-av-mnr7mivq-daec3ca5ff234498d2590147bcdc74f5">
.avia-image-container.av-mnr7mivq-daec3ca5ff234498d2590147bcdc74f5 img.avia_image{
box-shadow:none;
}
.avia-image-container.av-mnr7mivq-daec3ca5ff234498d2590147bcdc74f5 .av-image-caption-overlay-center{
color:#ffffff;
}
</style>
<div  class='avia-image-container av-mnr7mivq-daec3ca5ff234498d2590147bcdc74f5 av-styling-circle avia-align-center  avia-builder-el-4  avia-builder-el-no-sibling'   itemprop="image" itemscope="itemscope" itemtype="https://schema.org/ImageObject" ><div class="avia-image-container-inner"><div class="avia-image-overlay-wrap"><img decoding="async" fetchpriority="high" class='wp-image-901 avia-img-lazy-loading-not-901 avia_image' src="https://circulareconomyhotspotbudapest.com/wp-content/uploads/2026/04/Hotspot-Portrek-2-300x300.png" alt='' title='Hotspot Portrék (2)'  height="300" width="300"  itemprop="thumbnailUrl" srcset="https://circulareconomyhotspotbudapest.com/wp-content/uploads/2026/04/Hotspot-Portrek-2-300x300.png 300w, https://circulareconomyhotspotbudapest.com/wp-content/uploads/2026/04/Hotspot-Portrek-2-80x80.png 80w, https://circulareconomyhotspotbudapest.com/wp-content/uploads/2026/04/Hotspot-Portrek-2-768x768.png 768w, https://circulareconomyhotspotbudapest.com/wp-content/uploads/2026/04/Hotspot-Portrek-2-12x12.png 12w, https://circulareconomyhotspotbudapest.com/wp-content/uploads/2026/04/Hotspot-Portrek-2-36x36.png 36w, https://circulareconomyhotspotbudapest.com/wp-content/uploads/2026/04/Hotspot-Portrek-2-180x180.png 180w, https://circulareconomyhotspotbudapest.com/wp-content/uploads/2026/04/Hotspot-Portrek-2-705x705.png 705w, https://circulareconomyhotspotbudapest.com/wp-content/uploads/2026/04/Hotspot-Portrek-2-120x120.png 120w, https://circulareconomyhotspotbudapest.com/wp-content/uploads/2026/04/Hotspot-Portrek-2-450x450.png 450w, https://circulareconomyhotspotbudapest.com/wp-content/uploads/2026/04/Hotspot-Portrek-2-600x600.png 600w, https://circulareconomyhotspotbudapest.com/wp-content/uploads/2026/04/Hotspot-Portrek-2-100x100.png 100w, https://circulareconomyhotspotbudapest.com/wp-content/uploads/2026/04/Hotspot-Portrek-2.png 1000w" sizes="(max-width: 300px) 100vw, 300px" /></div></div></div></div></p>

<p>Klímakutató<br />Alelnök, Éghajlatváltozási Kormányközi Testület (IPCC)<br />Professzor, CEU</p>
