{"id":812,"date":"2026-04-22T13:59:39","date_gmt":"2026-04-22T13:59:39","guid":{"rendered":"https:\/\/circulareconomyhotspotbudapest.com\/?post_type=portfolio&#038;p=812"},"modified":"2026-04-23T06:06:12","modified_gmt":"2026-04-23T06:06:12","slug":"simon-anita","status":"publish","type":"portfolio","link":"https:\/\/circulareconomyhotspotbudapest.com\/hu\/speaker\/simon-anita\/","title":{"rendered":"Simon Anita"},"content":{"rendered":"<div  class='flex_column av-h4aes-8ab347a7b93bca422a8753491701622c av_three_fifth  avia-builder-el-0  el_before_av_one_third  avia-builder-el-first  first flex_column_div'     ><section  class='av_textblock_section av-mnr7l2lw-e54a46a20c28b3671cbc2434d791c2d7'   itemscope=\"itemscope\" itemtype=\"https:\/\/schema.org\/CreativeWork\" ><div class='avia_textblock'  itemprop=\"text\" ><h2>Simon Anita<\/h2>\n<h3>Fenntarthat\u00f3s\u00e1g\u00e9rt \u00e9s k\u00f6rforg\u00e1sos gazdas\u00e1g\u00e9rt felel\u0151s vez\u00e9rigazgat\u00f3-helyettes<\/h3>\n<h3>ALTEO Nyrt.<\/h3>\n<\/div><\/section><br \/>\n<section  class='av_textblock_section av-mnr7onqp-5658145bc31ad45cc097c3688d72108a'   itemscope=\"itemscope\" itemtype=\"https:\/\/schema.org\/CreativeWork\" ><div class='avia_textblock'  itemprop=\"text\" ><p>Simon Anita 2019-ben csatlakozott az ALTEO-hoz, majd 2021-ben az ALTEO vez\u00e9rigazgat\u00f3-helyettese lett. 2025-t\u0151l az ALTEO Circular Kft. \u00dcgyvezet\u0151je. \u0150 az egyetlen magyar tagja az Eur\u00f3pai Beruh\u00e1z\u00e1si Bank Csoport Women Climate Leaders Network h\u00e1l\u00f3zat\u00e1nak, amely az EU 27 tag\u00e1llam\u00e1nak fenntarthat\u00f3s\u00e1gi szak\u00e9rt\u0151it t\u00f6m\u00f6r\u00edti. A h\u00e1l\u00f3zat c\u00e9lja versenyk\u00e9pes megold\u00e1sok kidolgoz\u00e1sa a z\u00f6ld \u00e1t\u00e1ll\u00e1s t\u00e1mogat\u00e1s\u00e1ra, \u00f6sszhangban az EU szab\u00e1lyoz\u00e1si \u00e9s beruh\u00e1z\u00e1si c\u00e9ljaival. Tagja a Nemzeti Biomet\u00e1n-Biog\u00e1z Bioenergia Ipar\u00e1gi Sz\u00f6vets\u00e9g \u00e9s a Magyar Hullad\u00e9kgazd\u00e1lkod\u00e1si Sz\u00f6vets\u00e9g igazgat\u00f3tan\u00e1cs\u00e1nak. Emellett a Magyar Fesztiv\u00e1lzenekar \u00fcgyvezet\u0151 igazgat\u00f3j\u00e1nak tan\u00e1csad\u00f3 test\u00fclet\u00e9ben is szerepet v\u00e1llal. Elk\u00f6telezett a szakm\u00e1ja ir\u00e1nt, \u00e9s kiemelten fontosnak tartja a fenntarthat\u00f3s\u00e1gi szempontok be\u00e9p\u00edt\u00e9s\u00e9t a mindennapi \u00e9letbe.<\/p>\n<\/div><\/section><\/p><\/div>\n<div  class='flex_column av-95j3w-f0fcbc904e91f18926a96aa9ed408878 av_one_third  avia-builder-el-3  el_after_av_three_fifth  avia-builder-el-last  flex_column_div'     ><style type=\"text\/css\" data-created_by=\"avia_inline_auto\" id=\"style-css-av-mnr7mivq-271aa6bcccf9a122c0825fff9bf78423\">\n.avia-image-container.av-mnr7mivq-271aa6bcccf9a122c0825fff9bf78423 img.avia_image{\nbox-shadow:none;\n}\n.avia-image-container.av-mnr7mivq-271aa6bcccf9a122c0825fff9bf78423 .av-image-caption-overlay-center{\ncolor:#ffffff;\n}\n<\/style>\n<div  class='avia-image-container av-mnr7mivq-271aa6bcccf9a122c0825fff9bf78423 av-styling-circle avia-align-center  avia-builder-el-4  avia-builder-el-no-sibling'   itemprop=\"image\" itemscope=\"itemscope\" itemtype=\"https:\/\/schema.org\/ImageObject\" ><div class=\"avia-image-container-inner\"><div class=\"avia-image-overlay-wrap\"><img decoding=\"async\" fetchpriority=\"high\" class='wp-image-830 avia-img-lazy-loading-not-830 avia_image' src=\"https:\/\/circulareconomyhotspotbudapest.com\/wp-content\/uploads\/2026\/04\/12-300x300.png\" alt='' title='12'  height=\"300\" width=\"300\"  itemprop=\"thumbnailUrl\" srcset=\"https:\/\/circulareconomyhotspotbudapest.com\/wp-content\/uploads\/2026\/04\/12-300x300.png 300w, https:\/\/circulareconomyhotspotbudapest.com\/wp-content\/uploads\/2026\/04\/12-80x80.png 80w, https:\/\/circulareconomyhotspotbudapest.com\/wp-content\/uploads\/2026\/04\/12-768x768.png 768w, https:\/\/circulareconomyhotspotbudapest.com\/wp-content\/uploads\/2026\/04\/12-12x12.png 12w, https:\/\/circulareconomyhotspotbudapest.com\/wp-content\/uploads\/2026\/04\/12-36x36.png 36w, https:\/\/circulareconomyhotspotbudapest.com\/wp-content\/uploads\/2026\/04\/12-180x180.png 180w, https:\/\/circulareconomyhotspotbudapest.com\/wp-content\/uploads\/2026\/04\/12-705x705.png 705w, https:\/\/circulareconomyhotspotbudapest.com\/wp-content\/uploads\/2026\/04\/12-120x120.png 120w, https:\/\/circulareconomyhotspotbudapest.com\/wp-content\/uploads\/2026\/04\/12-450x450.png 450w, https:\/\/circulareconomyhotspotbudapest.com\/wp-content\/uploads\/2026\/04\/12-600x600.png 600w, https:\/\/circulareconomyhotspotbudapest.com\/wp-content\/uploads\/2026\/04\/12-100x100.png 100w, https:\/\/circulareconomyhotspotbudapest.com\/wp-content\/uploads\/2026\/04\/12.png 1000w\" sizes=\"(max-width: 300px) 100vw, 300px\" \/><\/div><\/div><\/div><\/div>","protected":false},"excerpt":{"rendered":"<p>Fenntarthat\u00f3s\u00e1g\u00e9rt \u00e9s k\u00f6rforg\u00e1sos gazdas\u00e1g\u00e9rt felel\u0151s vez\u00e9rigazgat\u00f3-helyettes<br \/>ALTEO Nyrt.<\/p>","protected":false},"author":3,"featured_media":830,"comment_status":"open","ping_status":"closed","template":"","meta":{"footnotes":""},"tags":[],"portfolio_entries":[29],"class_list":["post-812","portfolio","type-portfolio","status-publish","has-post-thumbnail","hentry","portfolio_entries-circular-economy"],"_links":{"self":[{"href":"https:\/\/circulareconomyhotspotbudapest.com\/hu\/wp-json\/wp\/v2\/portfolio\/812","targetHints":{"allow":["GET"]}}],"collection":[{"href":"https:\/\/circulareconomyhotspotbudapest.com\/hu\/wp-json\/wp\/v2\/portfolio"}],"about":[{"href":"https:\/\/circulareconomyhotspotbudapest.com\/hu\/wp-json\/wp\/v2\/types\/portfolio"}],"author":[{"embeddable":true,"href":"https:\/\/circulareconomyhotspotbudapest.com\/hu\/wp-json\/wp\/v2\/users\/3"}],"replies":[{"embeddable":true,"href":"https:\/\/circulareconomyhotspotbudapest.com\/hu\/wp-json\/wp\/v2\/comments?post=812"}],"version-history":[{"count":6,"href":"https:\/\/circulareconomyhotspotbudapest.com\/hu\/wp-json\/wp\/v2\/portfolio\/812\/revisions"}],"predecessor-version":[{"id":892,"href":"https:\/\/circulareconomyhotspotbudapest.com\/hu\/wp-json\/wp\/v2\/portfolio\/812\/revisions\/892"}],"wp:featuredmedia":[{"embeddable":true,"href":"https:\/\/circulareconomyhotspotbudapest.com\/hu\/wp-json\/wp\/v2\/media\/830"}],"wp:attachment":[{"href":"https:\/\/circulareconomyhotspotbudapest.com\/hu\/wp-json\/wp\/v2\/media?parent=812"}],"wp:term":[{"taxonomy":"post_tag","embeddable":true,"href":"https:\/\/circulareconomyhotspotbudapest.com\/hu\/wp-json\/wp\/v2\/tags?post=812"},{"taxonomy":"portfolio_entries","embeddable":true,"href":"https:\/\/circulareconomyhotspotbudapest.com\/hu\/wp-json\/wp\/v2\/portfolio_entries?post=812"}],"curies":[{"name":"wp","href":"https:\/\/api.w.org\/{rel}","templated":true}]}}

<div  class='flex_column av-h4aes-8ab347a7b93bca422a8753491701622c av_three_fifth  avia-builder-el-0  el_before_av_one_third  avia-builder-el-first  first flex_column_div'     ><section  class='av_textblock_section av-mnr7l2lw-e54a46a20c28b3671cbc2434d791c2d7'   itemscope="itemscope" itemtype="https://schema.org/CreativeWork" ><div class='avia_textblock'  itemprop="text" ><h2>Simon Anita</h2>
<h3>Fenntarthatóságért és körforgásos gazdaságért felelős vezérigazgató-helyettes</h3>
<h3>ALTEO Nyrt.</h3>
</div></section><br />
<section  class='av_textblock_section av-mnr7onqp-5658145bc31ad45cc097c3688d72108a'   itemscope="itemscope" itemtype="https://schema.org/CreativeWork" ><div class='avia_textblock'  itemprop="text" ><p>Simon Anita 2019-ben csatlakozott az ALTEO-hoz, majd 2021-ben az ALTEO vezérigazgató-helyettese lett. 2025-től az ALTEO Circular Kft. Ügyvezetője. Ő az egyetlen magyar tagja az Európai Beruházási Bank Csoport Women Climate Leaders Network hálózatának, amely az EU 27 tagállamának fenntarthatósági szakértőit tömöríti. A hálózat célja versenyképes megoldások kidolgozása a zöld átállás támogatására, összhangban az EU szabályozási és beruházási céljaival. Tagja a Nemzeti Biometán-Biogáz Bioenergia Iparági Szövetség és a Magyar Hulladékgazdálkodási Szövetség igazgatótanácsának. Emellett a Magyar Fesztiválzenekar ügyvezető igazgatójának tanácsadó testületében is szerepet vállal. Elkötelezett a szakmája iránt, és kiemelten fontosnak tartja a fenntarthatósági szempontok beépítését a mindennapi életbe.</p>
</div></section></p></div>
<div  class='flex_column av-95j3w-f0fcbc904e91f18926a96aa9ed408878 av_one_third  avia-builder-el-3  el_after_av_three_fifth  avia-builder-el-last  flex_column_div'     ><style type="text/css" data-created_by="avia_inline_auto" id="style-css-av-mnr7mivq-271aa6bcccf9a122c0825fff9bf78423">
.avia-image-container.av-mnr7mivq-271aa6bcccf9a122c0825fff9bf78423 img.avia_image{
box-shadow:none;
}
.avia-image-container.av-mnr7mivq-271aa6bcccf9a122c0825fff9bf78423 .av-image-caption-overlay-center{
color:#ffffff;
}
</style>
<div  class='avia-image-container av-mnr7mivq-271aa6bcccf9a122c0825fff9bf78423 av-styling-circle avia-align-center  avia-builder-el-4  avia-builder-el-no-sibling'   itemprop="image" itemscope="itemscope" itemtype="https://schema.org/ImageObject" ><div class="avia-image-container-inner"><div class="avia-image-overlay-wrap"><img decoding="async" fetchpriority="high" class='wp-image-830 avia-img-lazy-loading-not-830 avia_image' src="https://circulareconomyhotspotbudapest.com/wp-content/uploads/2026/04/12-300x300.png" alt='' title='12'  height="300" width="300"  itemprop="thumbnailUrl" srcset="https://circulareconomyhotspotbudapest.com/wp-content/uploads/2026/04/12-300x300.png 300w, https://circulareconomyhotspotbudapest.com/wp-content/uploads/2026/04/12-80x80.png 80w, https://circulareconomyhotspotbudapest.com/wp-content/uploads/2026/04/12-768x768.png 768w, https://circulareconomyhotspotbudapest.com/wp-content/uploads/2026/04/12-12x12.png 12w, https://circulareconomyhotspotbudapest.com/wp-content/uploads/2026/04/12-36x36.png 36w, https://circulareconomyhotspotbudapest.com/wp-content/uploads/2026/04/12-180x180.png 180w, https://circulareconomyhotspotbudapest.com/wp-content/uploads/2026/04/12-705x705.png 705w, https://circulareconomyhotspotbudapest.com/wp-content/uploads/2026/04/12-120x120.png 120w, https://circulareconomyhotspotbudapest.com/wp-content/uploads/2026/04/12-450x450.png 450w, https://circulareconomyhotspotbudapest.com/wp-content/uploads/2026/04/12-600x600.png 600w, https://circulareconomyhotspotbudapest.com/wp-content/uploads/2026/04/12-100x100.png 100w, https://circulareconomyhotspotbudapest.com/wp-content/uploads/2026/04/12.png 1000w" sizes="(max-width: 300px) 100vw, 300px" /></div></div></div></div>

<p>Fenntarthatóságért és körforgásos gazdaságért felelős vezérigazgató-helyettes<br />ALTEO Nyrt.</p>
