{"id":793,"date":"2026-04-22T14:06:50","date_gmt":"2026-04-22T14:06:50","guid":{"rendered":"https:\/\/circulareconomyhotspotbudapest.com\/?post_type=portfolio&#038;p=793"},"modified":"2026-04-22T14:06:50","modified_gmt":"2026-04-22T14:06:50","slug":"vida-adam","status":"publish","type":"portfolio","link":"https:\/\/circulareconomyhotspotbudapest.com\/hu\/speaker\/vida-adam\/","title":{"rendered":"Vida \u00c1d\u00e1m"},"content":{"rendered":"<div  class='flex_column av-h4aes-8ab347a7b93bca422a8753491701622c av_three_fifth  avia-builder-el-0  el_before_av_one_third  avia-builder-el-first  first flex_column_div'     ><section  class='av_textblock_section av-mnr7l2lw-e54a46a20c28b3671cbc2434d791c2d7'   itemscope=\"itemscope\" itemtype=\"https:\/\/schema.org\/CreativeWork\" ><div class='avia_textblock'  itemprop=\"text\" ><h2>Vida \u00c1d\u00e1m PhD<\/h2>\n<h3>K+F igazgat\u00f3, Bay Zolt\u00e1n Kutat\u00f3int\u00e9zet<\/h3>\n<h3>\u00dcgyvezet\u0151 igazgat\u00f3, Edortech Kft.<\/h3>\n<\/div><\/section><br \/>\n<section  class='av_textblock_section av-mnr7onqp-5658145bc31ad45cc097c3688d72108a'   itemscope=\"itemscope\" itemtype=\"https:\/\/schema.org\/CreativeWork\" ><div class='avia_textblock'  itemprop=\"text\" ><p>Vida \u00c1d\u00e1m 15 \u00e9ves kutat\u00e1si \u00e9s fejleszt\u00e9si (K+F) tapasztalattal rendelkez\u0151 innov\u00e1ci\u00f3s szak\u00e9rt\u0151, aki a tudom\u00e1nyos kutat\u00e1s, az ipari alkalmaz\u00e1sok \u00e9s az \u00fczleti hasznos\u00edt\u00e1s k\u00f6z\u00f6tti kapcsol\u00f3d\u00e1si pontokon dolgozik. Karrierje sor\u00e1n sz\u00e1mos hazai \u00e9s nemzetk\u00f6zi K+F-projektben vett r\u00e9szt, k\u00fcl\u00f6n\u00f6s tekintettel az energetika, az anyagtudom\u00e1ny \u00e9s a deep tech megold\u00e1sok ter\u00fclet\u00e9re. Jelenleg a Bay Zolt\u00e1n Kutat\u00f3k\u00f6zpont K+F igazgat\u00f3ja, ahol strat\u00e9giai jelent\u0151s\u00e9g\u0171 kutat\u00e1si programokat ir\u00e1ny\u00edt, fejleszti az ipari egy\u00fcttm\u0171k\u00f6d\u00e9seket, \u00e9s hozz\u00e1j\u00e1rul az innov\u00e1ci\u00f3s \u00f6kosziszt\u00e9ma er\u0151s\u00edt\u00e9s\u00e9hez. Munk\u00e1ja k\u00f6z\u00e9ppontj\u00e1ban a kutat\u00e1si eredm\u00e9nyek piack\u00e9pes technol\u00f3gi\u00e1kk\u00e1 alak\u00edt\u00e1sa, valamint a tudom\u00e1nyos \u00e9s \u00fczleti megk\u00f6zel\u00edt\u00e9sek \u00f6sszehangol\u00e1sa \u00e1ll.<\/p>\n<p>\u00c1d\u00e1m emellett az Edortech Kft. vez\u00e9rigazgat\u00f3ja, amely az orsz\u00e1g egyik legnagyobb l\u00edtium-ion akkumul\u00e1tor-fejleszt\u00e9si projektj\u00e9n dolgozik. A v\u00e1llalat c\u00e9lja modern, ipari m\u00e9ret\u0171 energiat\u00e1rol\u00e1si megold\u00e1sok l\u00e9trehoz\u00e1sa, amelyek t\u00e1mogatj\u00e1k a fenntarthat\u00f3 energiagazd\u00e1lkod\u00e1st \u00e9s a z\u00f6ld \u00e1t\u00e1ll\u00e1st.<\/p>\n<\/div><\/section><\/p><\/div>\n<div  class='flex_column av-95j3w-f0fcbc904e91f18926a96aa9ed408878 av_one_third  avia-builder-el-3  el_after_av_three_fifth  avia-builder-el-last  flex_column_div'     ><style type=\"text\/css\" data-created_by=\"avia_inline_auto\" id=\"style-css-av-mnr7mivq-8bfdbb2e739d729ecd6d8847eba3a9f9\">\n.avia-image-container.av-mnr7mivq-8bfdbb2e739d729ecd6d8847eba3a9f9 img.avia_image{\nbox-shadow:none;\n}\n.avia-image-container.av-mnr7mivq-8bfdbb2e739d729ecd6d8847eba3a9f9 .av-image-caption-overlay-center{\ncolor:#ffffff;\n}\n<\/style>\n<div  class='avia-image-container av-mnr7mivq-8bfdbb2e739d729ecd6d8847eba3a9f9 av-styling-circle avia-align-center  avia-builder-el-4  avia-builder-el-no-sibling'   itemprop=\"image\" itemscope=\"itemscope\" itemtype=\"https:\/\/schema.org\/ImageObject\" ><div class=\"avia-image-container-inner\"><div class=\"avia-image-overlay-wrap\"><img decoding=\"async\" fetchpriority=\"high\" class='wp-image-837 avia-img-lazy-loading-not-837 avia_image' src=\"https:\/\/circulareconomyhotspotbudapest.com\/wp-content\/uploads\/2026\/04\/7-300x300.png\" alt='' title='7'  height=\"300\" width=\"300\"  itemprop=\"thumbnailUrl\" srcset=\"https:\/\/circulareconomyhotspotbudapest.com\/wp-content\/uploads\/2026\/04\/7-300x300.png 300w, https:\/\/circulareconomyhotspotbudapest.com\/wp-content\/uploads\/2026\/04\/7-80x80.png 80w, https:\/\/circulareconomyhotspotbudapest.com\/wp-content\/uploads\/2026\/04\/7-768x768.png 768w, https:\/\/circulareconomyhotspotbudapest.com\/wp-content\/uploads\/2026\/04\/7-12x12.png 12w, https:\/\/circulareconomyhotspotbudapest.com\/wp-content\/uploads\/2026\/04\/7-36x36.png 36w, https:\/\/circulareconomyhotspotbudapest.com\/wp-content\/uploads\/2026\/04\/7-180x180.png 180w, https:\/\/circulareconomyhotspotbudapest.com\/wp-content\/uploads\/2026\/04\/7-705x705.png 705w, https:\/\/circulareconomyhotspotbudapest.com\/wp-content\/uploads\/2026\/04\/7-120x120.png 120w, https:\/\/circulareconomyhotspotbudapest.com\/wp-content\/uploads\/2026\/04\/7-450x450.png 450w, https:\/\/circulareconomyhotspotbudapest.com\/wp-content\/uploads\/2026\/04\/7-600x600.png 600w, https:\/\/circulareconomyhotspotbudapest.com\/wp-content\/uploads\/2026\/04\/7-100x100.png 100w, https:\/\/circulareconomyhotspotbudapest.com\/wp-content\/uploads\/2026\/04\/7.png 1000w\" sizes=\"(max-width: 300px) 100vw, 300px\" \/><\/div><\/div><\/div><\/div>","protected":false},"excerpt":{"rendered":"<p>K+F igazgat\u00f3, Bay Zolt\u00e1n Kutat\u00f3int\u00e9zet <br \/>\n\u00dcgyvezet\u0151 igazgat\u00f3, Edortech Kft.<\/p>","protected":false},"author":3,"featured_media":837,"comment_status":"open","ping_status":"closed","template":"","meta":{"footnotes":""},"tags":[],"portfolio_entries":[29],"class_list":["post-793","portfolio","type-portfolio","status-publish","has-post-thumbnail","hentry","portfolio_entries-circular-economy"],"_links":{"self":[{"href":"https:\/\/circulareconomyhotspotbudapest.com\/hu\/wp-json\/wp\/v2\/portfolio\/793","targetHints":{"allow":["GET"]}}],"collection":[{"href":"https:\/\/circulareconomyhotspotbudapest.com\/hu\/wp-json\/wp\/v2\/portfolio"}],"about":[{"href":"https:\/\/circulareconomyhotspotbudapest.com\/hu\/wp-json\/wp\/v2\/types\/portfolio"}],"author":[{"embeddable":true,"href":"https:\/\/circulareconomyhotspotbudapest.com\/hu\/wp-json\/wp\/v2\/users\/3"}],"replies":[{"embeddable":true,"href":"https:\/\/circulareconomyhotspotbudapest.com\/hu\/wp-json\/wp\/v2\/comments?post=793"}],"version-history":[{"count":9,"href":"https:\/\/circulareconomyhotspotbudapest.com\/hu\/wp-json\/wp\/v2\/portfolio\/793\/revisions"}],"predecessor-version":[{"id":889,"href":"https:\/\/circulareconomyhotspotbudapest.com\/hu\/wp-json\/wp\/v2\/portfolio\/793\/revisions\/889"}],"wp:featuredmedia":[{"embeddable":true,"href":"https:\/\/circulareconomyhotspotbudapest.com\/hu\/wp-json\/wp\/v2\/media\/837"}],"wp:attachment":[{"href":"https:\/\/circulareconomyhotspotbudapest.com\/hu\/wp-json\/wp\/v2\/media?parent=793"}],"wp:term":[{"taxonomy":"post_tag","embeddable":true,"href":"https:\/\/circulareconomyhotspotbudapest.com\/hu\/wp-json\/wp\/v2\/tags?post=793"},{"taxonomy":"portfolio_entries","embeddable":true,"href":"https:\/\/circulareconomyhotspotbudapest.com\/hu\/wp-json\/wp\/v2\/portfolio_entries?post=793"}],"curies":[{"name":"wp","href":"https:\/\/api.w.org\/{rel}","templated":true}]}}

Vida Ádám

<div  class='flex_column av-h4aes-8ab347a7b93bca422a8753491701622c av_three_fifth  avia-builder-el-0  el_before_av_one_third  avia-builder-el-first  first flex_column_div'     ><section  class='av_textblock_section av-mnr7l2lw-e54a46a20c28b3671cbc2434d791c2d7'   itemscope="itemscope" itemtype="https://schema.org/CreativeWork" ><div class='avia_textblock'  itemprop="text" ><h2>Vida Ádám PhD</h2>
<h3>K+F igazgató, Bay Zoltán Kutatóintézet</h3>
<h3>Ügyvezető igazgató, Edortech Kft.</h3>
</div></section><br />
<section  class='av_textblock_section av-mnr7onqp-5658145bc31ad45cc097c3688d72108a'   itemscope="itemscope" itemtype="https://schema.org/CreativeWork" ><div class='avia_textblock'  itemprop="text" ><p>Vida Ádám 15 éves kutatási és fejlesztési (K+F) tapasztalattal rendelkező innovációs szakértő, aki a tudományos kutatás, az ipari alkalmazások és az üzleti hasznosítás közötti kapcsolódási pontokon dolgozik. Karrierje során számos hazai és nemzetközi K+F-projektben vett részt, különös tekintettel az energetika, az anyagtudomány és a deep tech megoldások területére. Jelenleg a Bay Zoltán Kutatóközpont K+F igazgatója, ahol stratégiai jelentőségű kutatási programokat irányít, fejleszti az ipari együttműködéseket, és hozzájárul az innovációs ökoszisztéma erősítéséhez. Munkája középpontjában a kutatási eredmények piacképes technológiákká alakítása, valamint a tudományos és üzleti megközelítések összehangolása áll.</p>
<p>Ádám emellett az Edortech Kft. vezérigazgatója, amely az ország egyik legnagyobb lítium-ion akkumulátor-fejlesztési projektjén dolgozik. A vállalat célja modern, ipari méretű energiatárolási megoldások létrehozása, amelyek támogatják a fenntartható energiagazdálkodást és a zöld átállást.</p>
</div></section></p></div>
<div  class='flex_column av-95j3w-f0fcbc904e91f18926a96aa9ed408878 av_one_third  avia-builder-el-3  el_after_av_three_fifth  avia-builder-el-last  flex_column_div'     ><style type="text/css" data-created_by="avia_inline_auto" id="style-css-av-mnr7mivq-8bfdbb2e739d729ecd6d8847eba3a9f9">
.avia-image-container.av-mnr7mivq-8bfdbb2e739d729ecd6d8847eba3a9f9 img.avia_image{
box-shadow:none;
}
.avia-image-container.av-mnr7mivq-8bfdbb2e739d729ecd6d8847eba3a9f9 .av-image-caption-overlay-center{
color:#ffffff;
}
</style>
<div  class='avia-image-container av-mnr7mivq-8bfdbb2e739d729ecd6d8847eba3a9f9 av-styling-circle avia-align-center  avia-builder-el-4  avia-builder-el-no-sibling'   itemprop="image" itemscope="itemscope" itemtype="https://schema.org/ImageObject" ><div class="avia-image-container-inner"><div class="avia-image-overlay-wrap"><img decoding="async" fetchpriority="high" class='wp-image-837 avia-img-lazy-loading-not-837 avia_image' src="https://circulareconomyhotspotbudapest.com/wp-content/uploads/2026/04/7-300x300.png" alt='' title='7'  height="300" width="300"  itemprop="thumbnailUrl" srcset="https://circulareconomyhotspotbudapest.com/wp-content/uploads/2026/04/7-300x300.png 300w, https://circulareconomyhotspotbudapest.com/wp-content/uploads/2026/04/7-80x80.png 80w, https://circulareconomyhotspotbudapest.com/wp-content/uploads/2026/04/7-768x768.png 768w, https://circulareconomyhotspotbudapest.com/wp-content/uploads/2026/04/7-12x12.png 12w, https://circulareconomyhotspotbudapest.com/wp-content/uploads/2026/04/7-36x36.png 36w, https://circulareconomyhotspotbudapest.com/wp-content/uploads/2026/04/7-180x180.png 180w, https://circulareconomyhotspotbudapest.com/wp-content/uploads/2026/04/7-705x705.png 705w, https://circulareconomyhotspotbudapest.com/wp-content/uploads/2026/04/7-120x120.png 120w, https://circulareconomyhotspotbudapest.com/wp-content/uploads/2026/04/7-450x450.png 450w, https://circulareconomyhotspotbudapest.com/wp-content/uploads/2026/04/7-600x600.png 600w, https://circulareconomyhotspotbudapest.com/wp-content/uploads/2026/04/7-100x100.png 100w, https://circulareconomyhotspotbudapest.com/wp-content/uploads/2026/04/7.png 1000w" sizes="(max-width: 300px) 100vw, 300px" /></div></div></div></div>

<p>K+F igazgató, Bay Zoltán Kutatóintézet <br />
Ügyvezető igazgató, Edortech Kft.</p>
