{"id":772,"date":"2026-04-22T14:07:06","date_gmt":"2026-04-22T14:07:06","guid":{"rendered":"https:\/\/circulareconomyhotspotbudapest.com\/?post_type=portfolio&#038;p=772"},"modified":"2026-04-27T16:15:31","modified_gmt":"2026-04-27T16:15:31","slug":"chikan-attila","status":"publish","type":"portfolio","link":"https:\/\/circulareconomyhotspotbudapest.com\/hu\/speaker\/chikan-attila\/","title":{"rendered":"Ifjabb Chik\u00e1n Attila"},"content":{"rendered":"<div  class='flex_column av-h4aes-8ab347a7b93bca422a8753491701622c av_three_fifth  avia-builder-el-0  el_before_av_two_fifth  avia-builder-el-first  first flex_column_div'     ><section  class='av_textblock_section av-mnr7l2lw-e54a46a20c28b3671cbc2434d791c2d7'   itemscope=\"itemscope\" itemtype=\"https:\/\/schema.org\/CreativeWork\" ><div class='avia_textblock'  itemprop=\"text\" ><h2>Ifjabb Chik\u00e1n Attila<\/h2>\n<h3>Eln\u00f6k-vez\u00e9rigazgat\u00f3<\/h3>\n<h3>ALTEO Nyrt.<\/h3>\n<\/div><\/section><br \/>\n<section  class='av_textblock_section av-mnr7onqp-5658145bc31ad45cc097c3688d72108a'   itemscope=\"itemscope\" itemtype=\"https:\/\/schema.org\/CreativeWork\" ><div class='avia_textblock'  itemprop=\"text\" ><p>Ifj. Chik\u00e1n Attila \u2013 az ALTEO Nyrt. eln\u00f6k-vez\u00e9rigazgat\u00f3ja \u2013 k\u00f6zgazd\u00e1sz v\u00e9gzetts\u00e9ggel rendelkezik, \u00e9s t\u00f6bb mint egy \u00e9vtizedes szakmai \u00e9s vezet\u0151i tapasztalattal b\u00edr az energetikai szektorban. Vezet\u00e9se alatt az alap\u00edt\u00e1sa \u00f3ta m\u0171k\u00f6d\u0151 ALTEO Csoport a piac egyik meghat\u00e1roz\u00f3 szerepl\u0151j\u00e9v\u00e9 v\u00e1lt. Elk\u00f6telezett a fenntarthat\u00f3s\u00e1g mellett, 2016 \u00f3ta a Magyarorsz\u00e1gi \u00dczleti Tan\u00e1cs a Fenntarthat\u00f3 Fejl\u0151d\u00e9s\u00e9rt (BCSDH) eln\u00f6ke.<\/p>\n<p>Az AutoWallis Nyrt. fel\u00fcgyel\u0151bizotts\u00e1g\u00e1nak eln\u00f6ke, valamint a K\u00e9k Bolyg\u00f3 Kl\u00edmav\u00e9delmi Befektet\u00e9si Zrt. \u00e9s a K\u00e9k Bolyg\u00f3 Kl\u00edmav\u00e9delmi Alap fel\u00fcgyel\u0151bizotts\u00e1g\u00e1nak tagja. 2023 \u00f3ta a M\u00c1V-START Zrt. \u00e9s a Vol\u00e1nbusz Zrt. igazgat\u00f3s\u00e1gi tagja, akt\u00edv szerepet v\u00e1llal a Magyar K\u00f6zgazdas\u00e1gi T\u00e1rsas\u00e1gban \u00e9s a Magyar Tudom\u00e1nyos Akad\u00e9mia test\u00fcleteiben. A UNICEF Magyarorsz\u00e1g fel\u00fcgyel\u0151bizotts\u00e1g\u00e1nak tagja, emellett \u201eChikansplanet\u201d n\u00e9ven blogot vezet.<\/p>\n<\/div><\/section><\/p><\/div>\n<div  class='flex_column av-95j3w-f0fcbc904e91f18926a96aa9ed408878 av_two_fifth  avia-builder-el-3  el_after_av_three_fifth  el_before_av_four_fifth  flex_column_div'     ><style type=\"text\/css\" data-created_by=\"avia_inline_auto\" id=\"style-css-av-mnr7mivq-be34b12d1df0d3ca49951e3c7d9902f8\">\n.avia-image-container.av-mnr7mivq-be34b12d1df0d3ca49951e3c7d9902f8 img.avia_image{\nbox-shadow:none;\n}\n.avia-image-container.av-mnr7mivq-be34b12d1df0d3ca49951e3c7d9902f8 .av-image-caption-overlay-center{\ncolor:#ffffff;\n}\n<\/style>\n<div  class='avia-image-container av-mnr7mivq-be34b12d1df0d3ca49951e3c7d9902f8 av-styling-circle avia-align-center  avia-builder-el-4  avia-builder-el-no-sibling'   itemprop=\"image\" itemscope=\"itemscope\" itemtype=\"https:\/\/schema.org\/ImageObject\" ><div class=\"avia-image-container-inner\"><div class=\"avia-image-overlay-wrap\"><img decoding=\"async\" fetchpriority=\"high\" class='wp-image-834 avia-img-lazy-loading-not-834 avia_image' src=\"https:\/\/circulareconomyhotspotbudapest.com\/wp-content\/uploads\/2026\/04\/4-300x300.png\" alt='' title='4'  height=\"300\" width=\"300\"  itemprop=\"thumbnailUrl\" srcset=\"https:\/\/circulareconomyhotspotbudapest.com\/wp-content\/uploads\/2026\/04\/4-300x300.png 300w, https:\/\/circulareconomyhotspotbudapest.com\/wp-content\/uploads\/2026\/04\/4-80x80.png 80w, https:\/\/circulareconomyhotspotbudapest.com\/wp-content\/uploads\/2026\/04\/4-768x768.png 768w, https:\/\/circulareconomyhotspotbudapest.com\/wp-content\/uploads\/2026\/04\/4-12x12.png 12w, https:\/\/circulareconomyhotspotbudapest.com\/wp-content\/uploads\/2026\/04\/4-36x36.png 36w, https:\/\/circulareconomyhotspotbudapest.com\/wp-content\/uploads\/2026\/04\/4-180x180.png 180w, https:\/\/circulareconomyhotspotbudapest.com\/wp-content\/uploads\/2026\/04\/4-705x705.png 705w, https:\/\/circulareconomyhotspotbudapest.com\/wp-content\/uploads\/2026\/04\/4-120x120.png 120w, https:\/\/circulareconomyhotspotbudapest.com\/wp-content\/uploads\/2026\/04\/4-450x450.png 450w, https:\/\/circulareconomyhotspotbudapest.com\/wp-content\/uploads\/2026\/04\/4-600x600.png 600w, https:\/\/circulareconomyhotspotbudapest.com\/wp-content\/uploads\/2026\/04\/4-100x100.png 100w, https:\/\/circulareconomyhotspotbudapest.com\/wp-content\/uploads\/2026\/04\/4.png 1000w\" sizes=\"(max-width: 300px) 100vw, 300px\" \/><\/div><\/div><\/div><\/div>\n<div  class='flex_column av-b29sc-bfb15fb63c6326835da3a85825338c20 av_four_fifth  avia-builder-el-5  el_after_av_two_fifth  avia-builder-el-last  first flex_column_div'     ><\/div>","protected":false},"excerpt":{"rendered":"<p>Eln\u00f6k-vez\u00e9rigazgat\u00f3 <br \/> ALTEO Nyrt.<\/p>","protected":false},"author":3,"featured_media":834,"comment_status":"open","ping_status":"closed","template":"","meta":{"footnotes":""},"tags":[],"portfolio_entries":[29],"class_list":["post-772","portfolio","type-portfolio","status-publish","has-post-thumbnail","hentry","portfolio_entries-circular-economy"],"_links":{"self":[{"href":"https:\/\/circulareconomyhotspotbudapest.com\/hu\/wp-json\/wp\/v2\/portfolio\/772","targetHints":{"allow":["GET"]}}],"collection":[{"href":"https:\/\/circulareconomyhotspotbudapest.com\/hu\/wp-json\/wp\/v2\/portfolio"}],"about":[{"href":"https:\/\/circulareconomyhotspotbudapest.com\/hu\/wp-json\/wp\/v2\/types\/portfolio"}],"author":[{"embeddable":true,"href":"https:\/\/circulareconomyhotspotbudapest.com\/hu\/wp-json\/wp\/v2\/users\/3"}],"replies":[{"embeddable":true,"href":"https:\/\/circulareconomyhotspotbudapest.com\/hu\/wp-json\/wp\/v2\/comments?post=772"}],"version-history":[{"count":13,"href":"https:\/\/circulareconomyhotspotbudapest.com\/hu\/wp-json\/wp\/v2\/portfolio\/772\/revisions"}],"predecessor-version":[{"id":886,"href":"https:\/\/circulareconomyhotspotbudapest.com\/hu\/wp-json\/wp\/v2\/portfolio\/772\/revisions\/886"}],"wp:featuredmedia":[{"embeddable":true,"href":"https:\/\/circulareconomyhotspotbudapest.com\/hu\/wp-json\/wp\/v2\/media\/834"}],"wp:attachment":[{"href":"https:\/\/circulareconomyhotspotbudapest.com\/hu\/wp-json\/wp\/v2\/media?parent=772"}],"wp:term":[{"taxonomy":"post_tag","embeddable":true,"href":"https:\/\/circulareconomyhotspotbudapest.com\/hu\/wp-json\/wp\/v2\/tags?post=772"},{"taxonomy":"portfolio_entries","embeddable":true,"href":"https:\/\/circulareconomyhotspotbudapest.com\/hu\/wp-json\/wp\/v2\/portfolio_entries?post=772"}],"curies":[{"name":"wp","href":"https:\/\/api.w.org\/{rel}","templated":true}]}}

Ifjabb Chikán Attila

<div  class='flex_column av-h4aes-8ab347a7b93bca422a8753491701622c av_three_fifth  avia-builder-el-0  el_before_av_two_fifth  avia-builder-el-first  first flex_column_div'     ><section  class='av_textblock_section av-mnr7l2lw-e54a46a20c28b3671cbc2434d791c2d7'   itemscope="itemscope" itemtype="https://schema.org/CreativeWork" ><div class='avia_textblock'  itemprop="text" ><h2>Ifjabb Chikán Attila</h2>
<h3>Elnök-vezérigazgató</h3>
<h3>ALTEO Nyrt.</h3>
</div></section><br />
<section  class='av_textblock_section av-mnr7onqp-5658145bc31ad45cc097c3688d72108a'   itemscope="itemscope" itemtype="https://schema.org/CreativeWork" ><div class='avia_textblock'  itemprop="text" ><p>Ifj. Chikán Attila – az ALTEO Nyrt. elnök-vezérigazgatója – közgazdász végzettséggel rendelkezik, és több mint egy évtizedes szakmai és vezetői tapasztalattal bír az energetikai szektorban. Vezetése alatt az alapítása óta működő ALTEO Csoport a piac egyik meghatározó szereplőjévé vált. Elkötelezett a fenntarthatóság mellett, 2016 óta a Magyarországi Üzleti Tanács a Fenntartható Fejlődésért (BCSDH) elnöke.</p>
<p>Az AutoWallis Nyrt. felügyelőbizottságának elnöke, valamint a Kék Bolygó Klímavédelmi Befektetési Zrt. és a Kék Bolygó Klímavédelmi Alap felügyelőbizottságának tagja. 2023 óta a MÁV-START Zrt. és a Volánbusz Zrt. igazgatósági tagja, aktív szerepet vállal a Magyar Közgazdasági Társaságban és a Magyar Tudományos Akadémia testületeiben. A UNICEF Magyarország felügyelőbizottságának tagja, emellett „Chikansplanet” néven blogot vezet.</p>
</div></section></p></div>
<div  class='flex_column av-95j3w-f0fcbc904e91f18926a96aa9ed408878 av_two_fifth  avia-builder-el-3  el_after_av_three_fifth  el_before_av_four_fifth  flex_column_div'     ><style type="text/css" data-created_by="avia_inline_auto" id="style-css-av-mnr7mivq-be34b12d1df0d3ca49951e3c7d9902f8">
.avia-image-container.av-mnr7mivq-be34b12d1df0d3ca49951e3c7d9902f8 img.avia_image{
box-shadow:none;
}
.avia-image-container.av-mnr7mivq-be34b12d1df0d3ca49951e3c7d9902f8 .av-image-caption-overlay-center{
color:#ffffff;
}
</style>
<div  class='avia-image-container av-mnr7mivq-be34b12d1df0d3ca49951e3c7d9902f8 av-styling-circle avia-align-center  avia-builder-el-4  avia-builder-el-no-sibling'   itemprop="image" itemscope="itemscope" itemtype="https://schema.org/ImageObject" ><div class="avia-image-container-inner"><div class="avia-image-overlay-wrap"><img decoding="async" fetchpriority="high" class='wp-image-834 avia-img-lazy-loading-not-834 avia_image' src="https://circulareconomyhotspotbudapest.com/wp-content/uploads/2026/04/4-300x300.png" alt='' title='4'  height="300" width="300"  itemprop="thumbnailUrl" srcset="https://circulareconomyhotspotbudapest.com/wp-content/uploads/2026/04/4-300x300.png 300w, https://circulareconomyhotspotbudapest.com/wp-content/uploads/2026/04/4-80x80.png 80w, https://circulareconomyhotspotbudapest.com/wp-content/uploads/2026/04/4-768x768.png 768w, https://circulareconomyhotspotbudapest.com/wp-content/uploads/2026/04/4-12x12.png 12w, https://circulareconomyhotspotbudapest.com/wp-content/uploads/2026/04/4-36x36.png 36w, https://circulareconomyhotspotbudapest.com/wp-content/uploads/2026/04/4-180x180.png 180w, https://circulareconomyhotspotbudapest.com/wp-content/uploads/2026/04/4-705x705.png 705w, https://circulareconomyhotspotbudapest.com/wp-content/uploads/2026/04/4-120x120.png 120w, https://circulareconomyhotspotbudapest.com/wp-content/uploads/2026/04/4-450x450.png 450w, https://circulareconomyhotspotbudapest.com/wp-content/uploads/2026/04/4-600x600.png 600w, https://circulareconomyhotspotbudapest.com/wp-content/uploads/2026/04/4-100x100.png 100w, https://circulareconomyhotspotbudapest.com/wp-content/uploads/2026/04/4.png 1000w" sizes="(max-width: 300px) 100vw, 300px" /></div></div></div></div>
<div  class='flex_column av-b29sc-bfb15fb63c6326835da3a85825338c20 av_four_fifth  avia-builder-el-5  el_after_av_two_fifth  avia-builder-el-last  first flex_column_div'     ></div>

<p>Elnök-vezérigazgató <br /> ALTEO Nyrt.</p>
