{"id":767,"date":"2026-04-22T08:54:49","date_gmt":"2026-04-22T08:54:49","guid":{"rendered":"https:\/\/circulareconomyhotspotbudapest.com\/?post_type=portfolio&#038;p=767"},"modified":"2026-04-23T09:13:06","modified_gmt":"2026-04-23T09:13:06","slug":"potocnik-janez","status":"publish","type":"portfolio","link":"https:\/\/circulareconomyhotspotbudapest.com\/hu\/speaker\/potocnik-janez\/","title":{"rendered":"Janez\u00a0Poto\u010dnik"},"content":{"rendered":"<div  class='flex_column av-h4aes-8ab347a7b93bca422a8753491701622c av_three_fifth  avia-builder-el-0  el_before_av_one_third  avia-builder-el-first  first flex_column_div'     ><section  class='av_textblock_section av-mnr7l2lw-e54a46a20c28b3671cbc2434d791c2d7'   itemscope=\"itemscope\" itemtype=\"https:\/\/schema.org\/CreativeWork\" ><div class='avia_textblock'  itemprop=\"text\" ><h2><span class=\"NormalTextRun SpellingErrorV2Themed SCXW31122928 BCX0\">Janez<\/span><span class=\"NormalTextRun SCXW31122928 BCX0\">\u00a0<\/span><span class=\"NormalTextRun SpellingErrorV2Themed SCXW31122928 BCX0\">Poto\u010dnik<\/span><span class=\"NormalTextRun SCXW31122928 BCX0\">\u00a0<\/span><\/h2>\n<h3><span data-olk-copy-source=\"MessageBody\">T\u00e1rseln\u00f6k<\/span><\/h3>\n<h3><span data-olk-copy-source=\"MessageBody\">UNEP Nemzetk\u00f6zi Er\u0151forr\u00e1s Test\u00fclet<\/span><\/h3>\n<h3><\/h3>\n<\/div><\/section><br \/>\n<section  class='av_textblock_section av-mnr7onqp-5658145bc31ad45cc097c3688d72108a'   itemscope=\"itemscope\" itemtype=\"https:\/\/schema.org\/CreativeWork\" ><div class='avia_textblock'  itemprop=\"text\" ><p>Janez Poto\u010dnik tudom\u00e1nyos \u00e9s k\u00f6zgazd\u00e1sz ismereteit az er\u0151forr\u00e1s-gazd\u00e1lkod\u00e1s \u00e9s a k\u00f6rnyezetv\u00e9delem ter\u00fclet\u00e9n kamatoztatja. K\u00f6zgazd\u00e1szk\u00e9nt \u00e9s akad\u00e9mikusk\u00e9nt vezette Szlov\u00e9nia EU-csatlakoz\u00e1si t\u00e1rgyal\u00f3csoportj\u00e1t. K\u00e9t cikluson \u00e1t t\u00f6lt\u00f6tte be az eur\u00f3pai biztos tiszts\u00e9g\u00e9t: el\u0151bb a tudom\u00e1ny \u00e9s kutat\u00e1s\u00e9rt, majd a k\u00f6rnyezetv\u00e9delem\u00e9rt felelt. Jelenleg az ENSZ K\u00f6rnyezetv\u00e9delmi Programja (UNEP) Nemzetk\u00f6zi Er\u0151forr\u00e1s Test\u00fclet\u00e9nek t\u00e1rseln\u00f6kek\u00e9nt vezet\u0151 tudom\u00e1nyos szak\u00e9rt\u0151kkel dolgozik egy\u00fctt azon, hogy az orsz\u00e1gok a term\u00e9szeti er\u0151forr\u00e1sokat fenntarthat\u00f3 m\u00f3don haszn\u00e1lj\u00e1k fel, an\u00e9lk\u00fcl hogy vesz\u00e9lyeztetn\u00e9k a gazdas\u00e1gi n\u00f6veked\u00e9st \u00e9s az emberi fejl\u0151d\u00e9st. 2013-ban elnyerte az ENSZ \u201eA F\u00f6ld bajnokai\u201d d\u00edj\u00e1t.<\/p>\n<\/div><\/section><\/p><\/div><div  class='flex_column av-95j3w-f0fcbc904e91f18926a96aa9ed408878 av_one_third  avia-builder-el-3  el_after_av_three_fifth  avia-builder-el-last  flex_column_div'     ><style type=\"text\/css\" data-created_by=\"avia_inline_auto\" id=\"style-css-av-mnr7mivq-821a061308c2e0fb39e77b5092257b7c\">\n.avia-image-container.av-mnr7mivq-821a061308c2e0fb39e77b5092257b7c img.avia_image{\nbox-shadow:none;\n}\n.avia-image-container.av-mnr7mivq-821a061308c2e0fb39e77b5092257b7c .av-image-caption-overlay-center{\ncolor:#ffffff;\n}\n<\/style>\n<div  class='avia-image-container av-mnr7mivq-821a061308c2e0fb39e77b5092257b7c av-styling-circle avia-align-center  avia-builder-el-4  avia-builder-el-no-sibling'   itemprop=\"image\" itemscope=\"itemscope\" itemtype=\"https:\/\/schema.org\/ImageObject\" ><div class=\"avia-image-container-inner\"><div class=\"avia-image-overlay-wrap\"><img decoding=\"async\" fetchpriority=\"high\" class='wp-image-833 avia-img-lazy-loading-not-833 avia_image' src=\"https:\/\/circulareconomyhotspotbudapest.com\/wp-content\/uploads\/2026\/04\/3-1-300x300.png\" alt='' title='3'  height=\"300\" width=\"300\"  itemprop=\"thumbnailUrl\" srcset=\"https:\/\/circulareconomyhotspotbudapest.com\/wp-content\/uploads\/2026\/04\/3-1-300x300.png 300w, https:\/\/circulareconomyhotspotbudapest.com\/wp-content\/uploads\/2026\/04\/3-1-80x80.png 80w, https:\/\/circulareconomyhotspotbudapest.com\/wp-content\/uploads\/2026\/04\/3-1-768x768.png 768w, https:\/\/circulareconomyhotspotbudapest.com\/wp-content\/uploads\/2026\/04\/3-1-12x12.png 12w, https:\/\/circulareconomyhotspotbudapest.com\/wp-content\/uploads\/2026\/04\/3-1-36x36.png 36w, https:\/\/circulareconomyhotspotbudapest.com\/wp-content\/uploads\/2026\/04\/3-1-180x180.png 180w, https:\/\/circulareconomyhotspotbudapest.com\/wp-content\/uploads\/2026\/04\/3-1-705x705.png 705w, https:\/\/circulareconomyhotspotbudapest.com\/wp-content\/uploads\/2026\/04\/3-1-120x120.png 120w, https:\/\/circulareconomyhotspotbudapest.com\/wp-content\/uploads\/2026\/04\/3-1-450x450.png 450w, https:\/\/circulareconomyhotspotbudapest.com\/wp-content\/uploads\/2026\/04\/3-1-600x600.png 600w, https:\/\/circulareconomyhotspotbudapest.com\/wp-content\/uploads\/2026\/04\/3-1-100x100.png 100w, https:\/\/circulareconomyhotspotbudapest.com\/wp-content\/uploads\/2026\/04\/3-1.png 1000w\" sizes=\"(max-width: 300px) 100vw, 300px\" \/><\/div><\/div><\/div><\/div><\/p>","protected":false},"excerpt":{"rendered":"<p>T\u00e1rseln\u00f6k<br \/>UNEP Nemzetk\u00f6zi Er\u0151forr\u00e1s Test\u00fclet<\/p>","protected":false},"author":3,"featured_media":833,"comment_status":"open","ping_status":"closed","template":"","meta":{"footnotes":""},"tags":[],"portfolio_entries":[29],"class_list":["post-767","portfolio","type-portfolio","status-publish","has-post-thumbnail","hentry","portfolio_entries-circular-economy"],"_links":{"self":[{"href":"https:\/\/circulareconomyhotspotbudapest.com\/hu\/wp-json\/wp\/v2\/portfolio\/767","targetHints":{"allow":["GET"]}}],"collection":[{"href":"https:\/\/circulareconomyhotspotbudapest.com\/hu\/wp-json\/wp\/v2\/portfolio"}],"about":[{"href":"https:\/\/circulareconomyhotspotbudapest.com\/hu\/wp-json\/wp\/v2\/types\/portfolio"}],"author":[{"embeddable":true,"href":"https:\/\/circulareconomyhotspotbudapest.com\/hu\/wp-json\/wp\/v2\/users\/3"}],"replies":[{"embeddable":true,"href":"https:\/\/circulareconomyhotspotbudapest.com\/hu\/wp-json\/wp\/v2\/comments?post=767"}],"version-history":[{"count":12,"href":"https:\/\/circulareconomyhotspotbudapest.com\/hu\/wp-json\/wp\/v2\/portfolio\/767\/revisions"}],"predecessor-version":[{"id":945,"href":"https:\/\/circulareconomyhotspotbudapest.com\/hu\/wp-json\/wp\/v2\/portfolio\/767\/revisions\/945"}],"wp:featuredmedia":[{"embeddable":true,"href":"https:\/\/circulareconomyhotspotbudapest.com\/hu\/wp-json\/wp\/v2\/media\/833"}],"wp:attachment":[{"href":"https:\/\/circulareconomyhotspotbudapest.com\/hu\/wp-json\/wp\/v2\/media?parent=767"}],"wp:term":[{"taxonomy":"post_tag","embeddable":true,"href":"https:\/\/circulareconomyhotspotbudapest.com\/hu\/wp-json\/wp\/v2\/tags?post=767"},{"taxonomy":"portfolio_entries","embeddable":true,"href":"https:\/\/circulareconomyhotspotbudapest.com\/hu\/wp-json\/wp\/v2\/portfolio_entries?post=767"}],"curies":[{"name":"wp","href":"https:\/\/api.w.org\/{rel}","templated":true}]}}

Janez Potočnik

<div  class='flex_column av-h4aes-8ab347a7b93bca422a8753491701622c av_three_fifth  avia-builder-el-0  el_before_av_one_third  avia-builder-el-first  first flex_column_div'     ><section  class='av_textblock_section av-mnr7l2lw-e54a46a20c28b3671cbc2434d791c2d7'   itemscope="itemscope" itemtype="https://schema.org/CreativeWork" ><div class='avia_textblock'  itemprop="text" ><h2><span class="NormalTextRun SpellingErrorV2Themed SCXW31122928 BCX0">Janez</span><span class="NormalTextRun SCXW31122928 BCX0"> </span><span class="NormalTextRun SpellingErrorV2Themed SCXW31122928 BCX0">Potočnik</span><span class="NormalTextRun SCXW31122928 BCX0"> </span></h2>
<h3><span data-olk-copy-source="MessageBody">Társelnök</span></h3>
<h3><span data-olk-copy-source="MessageBody">UNEP Nemzetközi Erőforrás Testület</span></h3>
<h3></h3>
</div></section><br />
<section  class='av_textblock_section av-mnr7onqp-5658145bc31ad45cc097c3688d72108a'   itemscope="itemscope" itemtype="https://schema.org/CreativeWork" ><div class='avia_textblock'  itemprop="text" ><p>Janez Potočnik tudományos és közgazdász ismereteit az erőforrás-gazdálkodás és a környezetvédelem területén kamatoztatja. Közgazdászként és akadémikusként vezette Szlovénia EU-csatlakozási tárgyalócsoportját. Két cikluson át töltötte be az európai biztos tisztségét: előbb a tudomány és kutatásért, majd a környezetvédelemért felelt. Jelenleg az ENSZ Környezetvédelmi Programja (UNEP) Nemzetközi Erőforrás Testületének társelnökeként vezető tudományos szakértőkkel dolgozik együtt azon, hogy az országok a természeti erőforrásokat fenntartható módon használják fel, anélkül hogy veszélyeztetnék a gazdasági növekedést és az emberi fejlődést. 2013-ban elnyerte az ENSZ „A Föld bajnokai” díját.</p>
</div></section></p></div><div  class='flex_column av-95j3w-f0fcbc904e91f18926a96aa9ed408878 av_one_third  avia-builder-el-3  el_after_av_three_fifth  avia-builder-el-last  flex_column_div'     ><style type="text/css" data-created_by="avia_inline_auto" id="style-css-av-mnr7mivq-821a061308c2e0fb39e77b5092257b7c">
.avia-image-container.av-mnr7mivq-821a061308c2e0fb39e77b5092257b7c img.avia_image{
box-shadow:none;
}
.avia-image-container.av-mnr7mivq-821a061308c2e0fb39e77b5092257b7c .av-image-caption-overlay-center{
color:#ffffff;
}
</style>
<div  class='avia-image-container av-mnr7mivq-821a061308c2e0fb39e77b5092257b7c av-styling-circle avia-align-center  avia-builder-el-4  avia-builder-el-no-sibling'   itemprop="image" itemscope="itemscope" itemtype="https://schema.org/ImageObject" ><div class="avia-image-container-inner"><div class="avia-image-overlay-wrap"><img decoding="async" fetchpriority="high" class='wp-image-833 avia-img-lazy-loading-not-833 avia_image' src="https://circulareconomyhotspotbudapest.com/wp-content/uploads/2026/04/3-1-300x300.png" alt='' title='3'  height="300" width="300"  itemprop="thumbnailUrl" srcset="https://circulareconomyhotspotbudapest.com/wp-content/uploads/2026/04/3-1-300x300.png 300w, https://circulareconomyhotspotbudapest.com/wp-content/uploads/2026/04/3-1-80x80.png 80w, https://circulareconomyhotspotbudapest.com/wp-content/uploads/2026/04/3-1-768x768.png 768w, https://circulareconomyhotspotbudapest.com/wp-content/uploads/2026/04/3-1-12x12.png 12w, https://circulareconomyhotspotbudapest.com/wp-content/uploads/2026/04/3-1-36x36.png 36w, https://circulareconomyhotspotbudapest.com/wp-content/uploads/2026/04/3-1-180x180.png 180w, https://circulareconomyhotspotbudapest.com/wp-content/uploads/2026/04/3-1-705x705.png 705w, https://circulareconomyhotspotbudapest.com/wp-content/uploads/2026/04/3-1-120x120.png 120w, https://circulareconomyhotspotbudapest.com/wp-content/uploads/2026/04/3-1-450x450.png 450w, https://circulareconomyhotspotbudapest.com/wp-content/uploads/2026/04/3-1-600x600.png 600w, https://circulareconomyhotspotbudapest.com/wp-content/uploads/2026/04/3-1-100x100.png 100w, https://circulareconomyhotspotbudapest.com/wp-content/uploads/2026/04/3-1.png 1000w" sizes="(max-width: 300px) 100vw, 300px" /></div></div></div></div></p>

<p>Társelnök<br />UNEP Nemzetközi Erőforrás Testület</p>
