{"id":1163,"date":"2026-04-28T13:29:20","date_gmt":"2026-04-28T13:29:20","guid":{"rendered":"https:\/\/circulareconomyhotspotbudapest.com\/?post_type=portfolio&#038;p=1163"},"modified":"2026-04-28T13:29:21","modified_gmt":"2026-04-28T13:29:21","slug":"kocsany-janos","status":"publish","type":"portfolio","link":"https:\/\/circulareconomyhotspotbudapest.com\/hu\/speaker\/kocsany-janos\/","title":{"rendered":"Kocs\u00e1ny J\u00e1nos"},"content":{"rendered":"<div  class='flex_column av-h4aes-8ab347a7b93bca422a8753491701622c av_three_fifth  avia-builder-el-0  el_before_av_one_third  avia-builder-el-first  first flex_column_div'     ><section  class='av_textblock_section av-mnr7l2lw-e54a46a20c28b3671cbc2434d791c2d7'   itemscope=\"itemscope\" itemtype=\"https:\/\/schema.org\/CreativeWork\" ><div class='avia_textblock'  itemprop=\"text\" ><h2>Kocs\u00e1ny J\u00e1nos<\/h2>\n<h3>IT tag<\/h3>\n<h3><span class=\"TextRun SCXW221227391 BCX0\" lang=\"HU-HU\" xml:lang=\"HU-HU\" data-contrast=\"auto\"><span class=\"NormalTextRun SCXW221227391 BCX0\">Graphisoft Park SE<\/span><\/span><span class=\"EOP SCXW221227391 BCX0\" data-ccp-props=\"{}\">\u00a0<\/span><\/h3>\n<h2><\/h2>\n<h3><\/h3>\n<h3><\/h3>\n<h3><\/h3>\n<\/div><\/section><br \/>\n<section  class='av_textblock_section av-mnr7onqp-5658145bc31ad45cc097c3688d72108a'   itemscope=\"itemscope\" itemtype=\"https:\/\/schema.org\/CreativeWork\" ><div class='avia_textblock'  itemprop=\"text\" ><p>\u00c9p\u00edt\u00e9szm\u00e9rn\u00f6ki diplom\u00e1ja megszerz\u00e9se ut\u00e1n k\u00f6zgazdas\u00e1gi, ingatlanmenedzsment tanulm\u00e1nyokat folytatott, majd MBA fokozatot szerzett. P\u00e1ly\u00e1j\u00e1t 1981-ben kezdte az \u00e9p\u00edt\u0151iparban, f\u0151k\u00e9nt kivitelez\u00e9si ter\u00fcleten, ahol k\u00fcl\u00f6n\u00f6sen a sz\u00e1m\u00edt\u00f3g\u00e9ppel t\u00e1mogatott szervez\u00e9s keltette fel az \u00e9rdekl\u0151d\u00e9s\u00e9t. 1994-t\u0151l ingatlanbefektet\u00e9si szak\u00e9rt\u0151k\u00e9nt teljes fejleszt\u00e9si projektek ir\u00e1ny\u00edt\u00e1s\u00e1val foglalkozott. 1996-ban csatlakozott a Graphisoft R&amp;D-hez, ahol az irodapark fejleszt\u00e9s\u00e9\u00e9rt, b\u00e9rbead\u00e1s\u00e1\u00e9rt \u00e9s \u00fczemeltet\u00e9s\u00e9\u00e9rt felelt. 2006-ban a Graphisoft Park SE \u00f6n\u00e1ll\u00f3, t\u0151zsd\u00e9n jegyzett c\u00e9gg\u00e9 v\u00e1lt, amelynek megalakul\u00e1s\u00e1t\u00f3l vez\u00e9rigazgat\u00f3ja volt.<\/p>\n<p>2025 j\u00falius 1-j\u00e9n adta \u00e1t a vez\u00e9rigazgat\u00f3i poz\u00edci\u00f3t, \u00e9s az\u00f3ta az igazgat\u00f3s\u00e1g tagjak\u00e9nt t\u00e1mogatja a v\u00e1llalat munk\u00e1j\u00e1t. A fenntarthat\u00f3s\u00e1g kezdett\u0151l kiemelt szerepet kapott: a ter\u00fclet mintegy 60%-a z\u00f6ldfel\u00fclet, amelyet a biodiverzit\u00e1s figyelembev\u00e9tel\u00e9vel alak\u00edtottak ki. Az \u00e9p\u00fcletek korszer\u0171s\u00edt\u00e9s\u00e9nek k\u00f6z\u00e9ppontj\u00e1ban az energiafelhaszn\u00e1l\u00e1s \u00e9s a karbonl\u00e1bnyom cs\u00f6kkent\u00e9se \u00e1ll. A BCSDH k\u00f6z\u00f6ss\u00e9gen kereszt\u00fcl a v\u00e1llalat \u00e9rt\u00e9kes tapasztalatokat szerez, amelyeket sz\u00edvesen meg is oszt.<\/p>\n<\/div><\/section><\/p><\/div><div  class='flex_column av-95j3w-f0fcbc904e91f18926a96aa9ed408878 av_one_third  avia-builder-el-3  el_after_av_three_fifth  avia-builder-el-last  flex_column_div'     ><style type=\"text\/css\" data-created_by=\"avia_inline_auto\" id=\"style-css-av-mnr7mivq-388cd9c043cfa7ca351099d7092c8637\">\n.avia-image-container.av-mnr7mivq-388cd9c043cfa7ca351099d7092c8637 img.avia_image{\nbox-shadow:none;\n}\n.avia-image-container.av-mnr7mivq-388cd9c043cfa7ca351099d7092c8637 .av-image-caption-overlay-center{\ncolor:#ffffff;\n}\n<\/style>\n<div  class='avia-image-container av-mnr7mivq-388cd9c043cfa7ca351099d7092c8637 av-styling-circle avia-align-center  avia-builder-el-4  avia-builder-el-no-sibling'   itemprop=\"image\" itemscope=\"itemscope\" itemtype=\"https:\/\/schema.org\/ImageObject\" ><div class=\"avia-image-container-inner\"><div class=\"avia-image-overlay-wrap\"><img decoding=\"async\" fetchpriority=\"high\" class='wp-image-1162 avia-img-lazy-loading-not-1162 avia_image' src=\"https:\/\/circulareconomyhotspotbudapest.com\/wp-content\/uploads\/2026\/04\/Hotspot-Portrek-15-300x300.png\" alt='' title='Hotspot Portr\u00e9k (15)'  height=\"300\" width=\"300\"  itemprop=\"thumbnailUrl\" srcset=\"https:\/\/circulareconomyhotspotbudapest.com\/wp-content\/uploads\/2026\/04\/Hotspot-Portrek-15-300x300.png 300w, https:\/\/circulareconomyhotspotbudapest.com\/wp-content\/uploads\/2026\/04\/Hotspot-Portrek-15-80x80.png 80w, https:\/\/circulareconomyhotspotbudapest.com\/wp-content\/uploads\/2026\/04\/Hotspot-Portrek-15-768x768.png 768w, https:\/\/circulareconomyhotspotbudapest.com\/wp-content\/uploads\/2026\/04\/Hotspot-Portrek-15-12x12.png 12w, https:\/\/circulareconomyhotspotbudapest.com\/wp-content\/uploads\/2026\/04\/Hotspot-Portrek-15-36x36.png 36w, https:\/\/circulareconomyhotspotbudapest.com\/wp-content\/uploads\/2026\/04\/Hotspot-Portrek-15-180x180.png 180w, https:\/\/circulareconomyhotspotbudapest.com\/wp-content\/uploads\/2026\/04\/Hotspot-Portrek-15-705x705.png 705w, https:\/\/circulareconomyhotspotbudapest.com\/wp-content\/uploads\/2026\/04\/Hotspot-Portrek-15-120x120.png 120w, https:\/\/circulareconomyhotspotbudapest.com\/wp-content\/uploads\/2026\/04\/Hotspot-Portrek-15-450x450.png 450w, https:\/\/circulareconomyhotspotbudapest.com\/wp-content\/uploads\/2026\/04\/Hotspot-Portrek-15-600x600.png 600w, https:\/\/circulareconomyhotspotbudapest.com\/wp-content\/uploads\/2026\/04\/Hotspot-Portrek-15-100x100.png 100w, https:\/\/circulareconomyhotspotbudapest.com\/wp-content\/uploads\/2026\/04\/Hotspot-Portrek-15.png 1000w\" sizes=\"(max-width: 300px) 100vw, 300px\" \/><\/div><\/div><\/div><\/div><\/p>","protected":false},"excerpt":{"rendered":"<p>IT tag<br \/>Graphisoft Park SE<\/p>","protected":false},"author":3,"featured_media":1162,"comment_status":"open","ping_status":"closed","template":"","meta":{"footnotes":""},"tags":[],"portfolio_entries":[29],"class_list":["post-1163","portfolio","type-portfolio","status-publish","has-post-thumbnail","hentry","portfolio_entries-circular-economy"],"_links":{"self":[{"href":"https:\/\/circulareconomyhotspotbudapest.com\/hu\/wp-json\/wp\/v2\/portfolio\/1163","targetHints":{"allow":["GET"]}}],"collection":[{"href":"https:\/\/circulareconomyhotspotbudapest.com\/hu\/wp-json\/wp\/v2\/portfolio"}],"about":[{"href":"https:\/\/circulareconomyhotspotbudapest.com\/hu\/wp-json\/wp\/v2\/types\/portfolio"}],"author":[{"embeddable":true,"href":"https:\/\/circulareconomyhotspotbudapest.com\/hu\/wp-json\/wp\/v2\/users\/3"}],"replies":[{"embeddable":true,"href":"https:\/\/circulareconomyhotspotbudapest.com\/hu\/wp-json\/wp\/v2\/comments?post=1163"}],"version-history":[{"count":2,"href":"https:\/\/circulareconomyhotspotbudapest.com\/hu\/wp-json\/wp\/v2\/portfolio\/1163\/revisions"}],"predecessor-version":[{"id":1166,"href":"https:\/\/circulareconomyhotspotbudapest.com\/hu\/wp-json\/wp\/v2\/portfolio\/1163\/revisions\/1166"}],"wp:featuredmedia":[{"embeddable":true,"href":"https:\/\/circulareconomyhotspotbudapest.com\/hu\/wp-json\/wp\/v2\/media\/1162"}],"wp:attachment":[{"href":"https:\/\/circulareconomyhotspotbudapest.com\/hu\/wp-json\/wp\/v2\/media?parent=1163"}],"wp:term":[{"taxonomy":"post_tag","embeddable":true,"href":"https:\/\/circulareconomyhotspotbudapest.com\/hu\/wp-json\/wp\/v2\/tags?post=1163"},{"taxonomy":"portfolio_entries","embeddable":true,"href":"https:\/\/circulareconomyhotspotbudapest.com\/hu\/wp-json\/wp\/v2\/portfolio_entries?post=1163"}],"curies":[{"name":"wp","href":"https:\/\/api.w.org\/{rel}","templated":true}]}}

Kocsány János

<div  class='flex_column av-h4aes-8ab347a7b93bca422a8753491701622c av_three_fifth  avia-builder-el-0  el_before_av_one_third  avia-builder-el-first  first flex_column_div'     ><section  class='av_textblock_section av-mnr7l2lw-e54a46a20c28b3671cbc2434d791c2d7'   itemscope="itemscope" itemtype="https://schema.org/CreativeWork" ><div class='avia_textblock'  itemprop="text" ><h2>Kocsány János</h2>
<h3>IT tag</h3>
<h3><span class="TextRun SCXW221227391 BCX0" lang="HU-HU" xml:lang="HU-HU" data-contrast="auto"><span class="NormalTextRun SCXW221227391 BCX0">Graphisoft Park SE</span></span><span class="EOP SCXW221227391 BCX0" data-ccp-props="{}"> </span></h3>
<h2></h2>
<h3></h3>
<h3></h3>
<h3></h3>
</div></section><br />
<section  class='av_textblock_section av-mnr7onqp-5658145bc31ad45cc097c3688d72108a'   itemscope="itemscope" itemtype="https://schema.org/CreativeWork" ><div class='avia_textblock'  itemprop="text" ><p>Építészmérnöki diplomája megszerzése után közgazdasági, ingatlanmenedzsment tanulmányokat folytatott, majd MBA fokozatot szerzett. Pályáját 1981-ben kezdte az építőiparban, főként kivitelezési területen, ahol különösen a számítógéppel támogatott szervezés keltette fel az érdeklődését. 1994-től ingatlanbefektetési szakértőként teljes fejlesztési projektek irányításával foglalkozott. 1996-ban csatlakozott a Graphisoft R&amp;D-hez, ahol az irodapark fejlesztéséért, bérbeadásáért és üzemeltetéséért felelt. 2006-ban a Graphisoft Park SE önálló, tőzsdén jegyzett céggé vált, amelynek megalakulásától vezérigazgatója volt.</p>
<p>2025 július 1-jén adta át a vezérigazgatói pozíciót, és azóta az igazgatóság tagjaként támogatja a vállalat munkáját. A fenntarthatóság kezdettől kiemelt szerepet kapott: a terület mintegy 60%-a zöldfelület, amelyet a biodiverzitás figyelembevételével alakítottak ki. Az épületek korszerűsítésének középpontjában az energiafelhasználás és a karbonlábnyom csökkentése áll. A BCSDH közösségen keresztül a vállalat értékes tapasztalatokat szerez, amelyeket szívesen meg is oszt.</p>
</div></section></p></div><div  class='flex_column av-95j3w-f0fcbc904e91f18926a96aa9ed408878 av_one_third  avia-builder-el-3  el_after_av_three_fifth  avia-builder-el-last  flex_column_div'     ><style type="text/css" data-created_by="avia_inline_auto" id="style-css-av-mnr7mivq-388cd9c043cfa7ca351099d7092c8637">
.avia-image-container.av-mnr7mivq-388cd9c043cfa7ca351099d7092c8637 img.avia_image{
box-shadow:none;
}
.avia-image-container.av-mnr7mivq-388cd9c043cfa7ca351099d7092c8637 .av-image-caption-overlay-center{
color:#ffffff;
}
</style>
<div  class='avia-image-container av-mnr7mivq-388cd9c043cfa7ca351099d7092c8637 av-styling-circle avia-align-center  avia-builder-el-4  avia-builder-el-no-sibling'   itemprop="image" itemscope="itemscope" itemtype="https://schema.org/ImageObject" ><div class="avia-image-container-inner"><div class="avia-image-overlay-wrap"><img decoding="async" fetchpriority="high" class='wp-image-1162 avia-img-lazy-loading-not-1162 avia_image' src="https://circulareconomyhotspotbudapest.com/wp-content/uploads/2026/04/Hotspot-Portrek-15-300x300.png" alt='' title='Hotspot Portrék (15)'  height="300" width="300"  itemprop="thumbnailUrl" srcset="https://circulareconomyhotspotbudapest.com/wp-content/uploads/2026/04/Hotspot-Portrek-15-300x300.png 300w, https://circulareconomyhotspotbudapest.com/wp-content/uploads/2026/04/Hotspot-Portrek-15-80x80.png 80w, https://circulareconomyhotspotbudapest.com/wp-content/uploads/2026/04/Hotspot-Portrek-15-768x768.png 768w, https://circulareconomyhotspotbudapest.com/wp-content/uploads/2026/04/Hotspot-Portrek-15-12x12.png 12w, https://circulareconomyhotspotbudapest.com/wp-content/uploads/2026/04/Hotspot-Portrek-15-36x36.png 36w, https://circulareconomyhotspotbudapest.com/wp-content/uploads/2026/04/Hotspot-Portrek-15-180x180.png 180w, https://circulareconomyhotspotbudapest.com/wp-content/uploads/2026/04/Hotspot-Portrek-15-705x705.png 705w, https://circulareconomyhotspotbudapest.com/wp-content/uploads/2026/04/Hotspot-Portrek-15-120x120.png 120w, https://circulareconomyhotspotbudapest.com/wp-content/uploads/2026/04/Hotspot-Portrek-15-450x450.png 450w, https://circulareconomyhotspotbudapest.com/wp-content/uploads/2026/04/Hotspot-Portrek-15-600x600.png 600w, https://circulareconomyhotspotbudapest.com/wp-content/uploads/2026/04/Hotspot-Portrek-15-100x100.png 100w, https://circulareconomyhotspotbudapest.com/wp-content/uploads/2026/04/Hotspot-Portrek-15.png 1000w" sizes="(max-width: 300px) 100vw, 300px" /></div></div></div></div></p>
