{"id":1010,"date":"2026-04-27T08:18:38","date_gmt":"2026-04-27T08:18:38","guid":{"rendered":"https:\/\/circulareconomyhotspotbudapest.com\/?post_type=portfolio&#038;p=1010"},"modified":"2026-04-27T08:18:39","modified_gmt":"2026-04-27T08:18:39","slug":"sandor-gergely","status":"publish","type":"portfolio","link":"https:\/\/circulareconomyhotspotbudapest.com\/hu\/speaker\/sandor-gergely\/","title":{"rendered":"S\u00e1ndor Gergely"},"content":{"rendered":"<div  class='flex_column av-h4aes-8ab347a7b93bca422a8753491701622c av_three_fifth  avia-builder-el-0  el_before_av_one_third  avia-builder-el-first  first flex_column_div'     ><section  class='av_textblock_section av-mnr7l2lw-e54a46a20c28b3671cbc2434d791c2d7'   itemscope=\"itemscope\" itemtype=\"https:\/\/schema.org\/CreativeWork\" ><div class='avia_textblock'  itemprop=\"text\" ><h2>S\u00e1ndor Gergely<\/h2>\n<h3>Alap\u00edt\u00f3, \u00fcgyvezet\u0151<\/h3>\n<h3>Viador \u00c1trium Group<\/h3>\n<h3><\/h3>\n<h3><\/h3>\n<h3><\/h3>\n<\/div><\/section><br \/>\n<section  class='av_textblock_section av-mnr7onqp-5658145bc31ad45cc097c3688d72108a'   itemscope=\"itemscope\" itemtype=\"https:\/\/schema.org\/CreativeWork\" ><div class='avia_textblock'  itemprop=\"text\" ><p>S\u00e1ndor Gergely \u00e9p\u00edt\u00e9sz, a Viador \u00c1trium Group alap\u00edt\u00f3ja \u00e9s \u00fcgyvezet\u0151je. A c\u00e9get 2016-ban hozta l\u00e9tre, a szakmai k\u00f6z\u00f6ss\u00e9g munk\u00e1j\u00e1t az\u00f3ta sz\u00e1mos d\u00edjjal ismert\u00e9k el: t\u00f6bbek k\u00f6z\u00f6tt a BigSEE, a Magyar \u00c9p\u00edt\u0151ipari N\u00edv\u00f3d\u00edj, valamint t\u00f6bbsz\u00f6r\u00f6s \u00c9v Irod\u00e1ja D\u00edj b\u00fcszke birtokosai. S\u00e1ndor Gergely a KOH\u00d3\u00ae kezdem\u00e9nyez\u0151je is, amely Magyarorsz\u00e1g els\u0151 k\u00f6z\u00f6ss\u00e9gi t\u00e1rsash\u00e1z-projektje. A budapesti, faszerkezet\u0171 lak\u00f3\u00e9p\u00fclet fenntarthat\u00f3 szeml\u00e9let ment\u00e9n val\u00f3sul meg, \u00e9s k\u00fcl\u00f6nlegess\u00e9ge, hogy a leend\u0151 lak\u00f3k m\u00e1r a tervez\u00e9si szakaszt\u00f3l akt\u00edvan r\u00e9szt vesznek a k\u00f6z\u00f6s terek \u00e9s az egy\u00fctt\u00e9l\u00e9s kereteinek alak\u00edt\u00e1s\u00e1ban. A projekt a k\u00f6rk\u00f6r\u00f6s gondolkod\u00e1st a gyakorlatban is alkalmazza: az \u00e9p\u00edt\u00e9s sor\u00e1n term\u00e9szetes anyagokra \u00e9s alacsony karbonl\u00e1bnyomra t\u00f6rekszik, m\u00edg m\u0171k\u00f6d\u00e9s\u00e9ben a megoszt\u00e1son alapul\u00f3 haszn\u00e1lati modellekre \u00e9p\u00edt. A KOH\u00d3 a fenntarthat\u00f3 v\u00e1rosi lakhat\u00e1s \u00faj form\u00e1ira keresi a v\u00e1laszt.<\/p>\n<\/div><\/section><\/p><\/div><div  class='flex_column av-95j3w-f0fcbc904e91f18926a96aa9ed408878 av_one_third  avia-builder-el-3  el_after_av_three_fifth  avia-builder-el-last  flex_column_div'     ><style type=\"text\/css\" data-created_by=\"avia_inline_auto\" id=\"style-css-av-mnr7mivq-e75b8385fc08daba3914f2fb13a82f7c\">\n.avia-image-container.av-mnr7mivq-e75b8385fc08daba3914f2fb13a82f7c img.avia_image{\nbox-shadow:none;\n}\n.avia-image-container.av-mnr7mivq-e75b8385fc08daba3914f2fb13a82f7c .av-image-caption-overlay-center{\ncolor:#ffffff;\n}\n<\/style>\n<div  class='avia-image-container av-mnr7mivq-e75b8385fc08daba3914f2fb13a82f7c av-styling-circle avia-align-center  avia-builder-el-4  avia-builder-el-no-sibling'   itemprop=\"image\" itemscope=\"itemscope\" itemtype=\"https:\/\/schema.org\/ImageObject\" ><div class=\"avia-image-container-inner\"><div class=\"avia-image-overlay-wrap\"><img decoding=\"async\" fetchpriority=\"high\" class='wp-image-1011 avia-img-lazy-loading-not-1011 avia_image' src=\"https:\/\/circulareconomyhotspotbudapest.com\/wp-content\/uploads\/2026\/04\/Hotspot-Portrek-13-300x300.png\" alt='' title='Hotspot Portr\u00e9k (13)'  height=\"300\" width=\"300\"  itemprop=\"thumbnailUrl\" srcset=\"https:\/\/circulareconomyhotspotbudapest.com\/wp-content\/uploads\/2026\/04\/Hotspot-Portrek-13-300x300.png 300w, https:\/\/circulareconomyhotspotbudapest.com\/wp-content\/uploads\/2026\/04\/Hotspot-Portrek-13-80x80.png 80w, https:\/\/circulareconomyhotspotbudapest.com\/wp-content\/uploads\/2026\/04\/Hotspot-Portrek-13-768x768.png 768w, https:\/\/circulareconomyhotspotbudapest.com\/wp-content\/uploads\/2026\/04\/Hotspot-Portrek-13-12x12.png 12w, https:\/\/circulareconomyhotspotbudapest.com\/wp-content\/uploads\/2026\/04\/Hotspot-Portrek-13-36x36.png 36w, https:\/\/circulareconomyhotspotbudapest.com\/wp-content\/uploads\/2026\/04\/Hotspot-Portrek-13-180x180.png 180w, https:\/\/circulareconomyhotspotbudapest.com\/wp-content\/uploads\/2026\/04\/Hotspot-Portrek-13-705x705.png 705w, https:\/\/circulareconomyhotspotbudapest.com\/wp-content\/uploads\/2026\/04\/Hotspot-Portrek-13-120x120.png 120w, https:\/\/circulareconomyhotspotbudapest.com\/wp-content\/uploads\/2026\/04\/Hotspot-Portrek-13-450x450.png 450w, https:\/\/circulareconomyhotspotbudapest.com\/wp-content\/uploads\/2026\/04\/Hotspot-Portrek-13-600x600.png 600w, https:\/\/circulareconomyhotspotbudapest.com\/wp-content\/uploads\/2026\/04\/Hotspot-Portrek-13-100x100.png 100w, https:\/\/circulareconomyhotspotbudapest.com\/wp-content\/uploads\/2026\/04\/Hotspot-Portrek-13.png 1000w\" sizes=\"(max-width: 300px) 100vw, 300px\" \/><\/div><\/div><\/div><\/div><\/p>","protected":false},"excerpt":{"rendered":"<p>Alap\u00edt\u00f3, \u00fcgyvezet\u0151<br \/>Viador \u00c1trium Group<\/p>","protected":false},"author":3,"featured_media":1011,"comment_status":"open","ping_status":"closed","template":"","meta":{"footnotes":""},"tags":[],"portfolio_entries":[29],"class_list":["post-1010","portfolio","type-portfolio","status-publish","has-post-thumbnail","hentry","portfolio_entries-circular-economy"],"_links":{"self":[{"href":"https:\/\/circulareconomyhotspotbudapest.com\/hu\/wp-json\/wp\/v2\/portfolio\/1010","targetHints":{"allow":["GET"]}}],"collection":[{"href":"https:\/\/circulareconomyhotspotbudapest.com\/hu\/wp-json\/wp\/v2\/portfolio"}],"about":[{"href":"https:\/\/circulareconomyhotspotbudapest.com\/hu\/wp-json\/wp\/v2\/types\/portfolio"}],"author":[{"embeddable":true,"href":"https:\/\/circulareconomyhotspotbudapest.com\/hu\/wp-json\/wp\/v2\/users\/3"}],"replies":[{"embeddable":true,"href":"https:\/\/circulareconomyhotspotbudapest.com\/hu\/wp-json\/wp\/v2\/comments?post=1010"}],"version-history":[{"count":1,"href":"https:\/\/circulareconomyhotspotbudapest.com\/hu\/wp-json\/wp\/v2\/portfolio\/1010\/revisions"}],"predecessor-version":[{"id":1012,"href":"https:\/\/circulareconomyhotspotbudapest.com\/hu\/wp-json\/wp\/v2\/portfolio\/1010\/revisions\/1012"}],"wp:featuredmedia":[{"embeddable":true,"href":"https:\/\/circulareconomyhotspotbudapest.com\/hu\/wp-json\/wp\/v2\/media\/1011"}],"wp:attachment":[{"href":"https:\/\/circulareconomyhotspotbudapest.com\/hu\/wp-json\/wp\/v2\/media?parent=1010"}],"wp:term":[{"taxonomy":"post_tag","embeddable":true,"href":"https:\/\/circulareconomyhotspotbudapest.com\/hu\/wp-json\/wp\/v2\/tags?post=1010"},{"taxonomy":"portfolio_entries","embeddable":true,"href":"https:\/\/circulareconomyhotspotbudapest.com\/hu\/wp-json\/wp\/v2\/portfolio_entries?post=1010"}],"curies":[{"name":"wp","href":"https:\/\/api.w.org\/{rel}","templated":true}]}}

Sándor Gergely

<div  class='flex_column av-h4aes-8ab347a7b93bca422a8753491701622c av_three_fifth  avia-builder-el-0  el_before_av_one_third  avia-builder-el-first  first flex_column_div'     ><section  class='av_textblock_section av-mnr7l2lw-e54a46a20c28b3671cbc2434d791c2d7'   itemscope="itemscope" itemtype="https://schema.org/CreativeWork" ><div class='avia_textblock'  itemprop="text" ><h2>Sándor Gergely</h2>
<h3>Alapító, ügyvezető</h3>
<h3>Viador Átrium Group</h3>
<h3></h3>
<h3></h3>
<h3></h3>
</div></section><br />
<section  class='av_textblock_section av-mnr7onqp-5658145bc31ad45cc097c3688d72108a'   itemscope="itemscope" itemtype="https://schema.org/CreativeWork" ><div class='avia_textblock'  itemprop="text" ><p>Sándor Gergely építész, a Viador Átrium Group alapítója és ügyvezetője. A céget 2016-ban hozta létre, a szakmai közösség munkáját azóta számos díjjal ismerték el: többek között a BigSEE, a Magyar Építőipari Nívódíj, valamint többszörös Év Irodája Díj büszke birtokosai. Sándor Gergely a KOHÓ® kezdeményezője is, amely Magyarország első közösségi társasház-projektje. A budapesti, faszerkezetű lakóépület fenntartható szemlélet mentén valósul meg, és különlegessége, hogy a leendő lakók már a tervezési szakasztól aktívan részt vesznek a közös terek és az együttélés kereteinek alakításában. A projekt a körkörös gondolkodást a gyakorlatban is alkalmazza: az építés során természetes anyagokra és alacsony karbonlábnyomra törekszik, míg működésében a megosztáson alapuló használati modellekre épít. A KOHÓ a fenntartható városi lakhatás új formáira keresi a választ.</p>
</div></section></p></div><div  class='flex_column av-95j3w-f0fcbc904e91f18926a96aa9ed408878 av_one_third  avia-builder-el-3  el_after_av_three_fifth  avia-builder-el-last  flex_column_div'     ><style type="text/css" data-created_by="avia_inline_auto" id="style-css-av-mnr7mivq-e75b8385fc08daba3914f2fb13a82f7c">
.avia-image-container.av-mnr7mivq-e75b8385fc08daba3914f2fb13a82f7c img.avia_image{
box-shadow:none;
}
.avia-image-container.av-mnr7mivq-e75b8385fc08daba3914f2fb13a82f7c .av-image-caption-overlay-center{
color:#ffffff;
}
</style>
<div  class='avia-image-container av-mnr7mivq-e75b8385fc08daba3914f2fb13a82f7c av-styling-circle avia-align-center  avia-builder-el-4  avia-builder-el-no-sibling'   itemprop="image" itemscope="itemscope" itemtype="https://schema.org/ImageObject" ><div class="avia-image-container-inner"><div class="avia-image-overlay-wrap"><img decoding="async" fetchpriority="high" class='wp-image-1011 avia-img-lazy-loading-not-1011 avia_image' src="https://circulareconomyhotspotbudapest.com/wp-content/uploads/2026/04/Hotspot-Portrek-13-300x300.png" alt='' title='Hotspot Portrék (13)'  height="300" width="300"  itemprop="thumbnailUrl" srcset="https://circulareconomyhotspotbudapest.com/wp-content/uploads/2026/04/Hotspot-Portrek-13-300x300.png 300w, https://circulareconomyhotspotbudapest.com/wp-content/uploads/2026/04/Hotspot-Portrek-13-80x80.png 80w, https://circulareconomyhotspotbudapest.com/wp-content/uploads/2026/04/Hotspot-Portrek-13-768x768.png 768w, https://circulareconomyhotspotbudapest.com/wp-content/uploads/2026/04/Hotspot-Portrek-13-12x12.png 12w, https://circulareconomyhotspotbudapest.com/wp-content/uploads/2026/04/Hotspot-Portrek-13-36x36.png 36w, https://circulareconomyhotspotbudapest.com/wp-content/uploads/2026/04/Hotspot-Portrek-13-180x180.png 180w, https://circulareconomyhotspotbudapest.com/wp-content/uploads/2026/04/Hotspot-Portrek-13-705x705.png 705w, https://circulareconomyhotspotbudapest.com/wp-content/uploads/2026/04/Hotspot-Portrek-13-120x120.png 120w, https://circulareconomyhotspotbudapest.com/wp-content/uploads/2026/04/Hotspot-Portrek-13-450x450.png 450w, https://circulareconomyhotspotbudapest.com/wp-content/uploads/2026/04/Hotspot-Portrek-13-600x600.png 600w, https://circulareconomyhotspotbudapest.com/wp-content/uploads/2026/04/Hotspot-Portrek-13-100x100.png 100w, https://circulareconomyhotspotbudapest.com/wp-content/uploads/2026/04/Hotspot-Portrek-13.png 1000w" sizes="(max-width: 300px) 100vw, 300px" /></div></div></div></div></p>

<p>Alapító, ügyvezető<br />Viador Átrium Group</p>
