{"id":1006,"date":"2026-04-24T18:50:09","date_gmt":"2026-04-24T18:50:09","guid":{"rendered":"https:\/\/circulareconomyhotspotbudapest.com\/?post_type=portfolio&#038;p=1006"},"modified":"2026-04-24T18:50:09","modified_gmt":"2026-04-24T18:50:09","slug":"arato-gabor","status":"publish","type":"portfolio","link":"https:\/\/circulareconomyhotspotbudapest.com\/hu\/speaker\/arato-gabor\/","title":{"rendered":"Arat\u00f3 G\u00e1bor,"},"content":{"rendered":"<div  class='flex_column av-h4aes-8ab347a7b93bca422a8753491701622c av_three_fifth  avia-builder-el-0  el_before_av_one_third  avia-builder-el-first  first flex_column_div'     ><section  class='av_textblock_section av-mnr7l2lw-e54a46a20c28b3671cbc2434d791c2d7'   itemscope=\"itemscope\" itemtype=\"https:\/\/schema.org\/CreativeWork\" ><div class='avia_textblock'  itemprop=\"text\" ><h2>Arat\u00f3 G\u00e1bor,<\/h2>\n<h3>\u00dcgyvezet\u0151 igazgat\u00f3<\/h3>\n<h3>Manupackaging International Kft.<\/h3>\n<h3><\/h3>\n<h3><\/h3>\n<h3><\/h3>\n<\/div><\/section><br \/>\n<section  class='av_textblock_section av-mnr7onqp-5658145bc31ad45cc097c3688d72108a'   itemscope=\"itemscope\" itemtype=\"https:\/\/schema.org\/CreativeWork\" ><div class='avia_textblock'  itemprop=\"text\" ><p>Arat\u00f3 G\u00e1bor a Manupackaging International Kft. \u00fcgyvezet\u0151 igazgat\u00f3ja, ahol a fenntarthat\u00f3 ipari csomagol\u00e1si megold\u00e1sok fejleszt\u00e9s\u00e9re \u00e9s bevezet\u00e9s\u00e9re f\u00f3kusz\u00e1l. T\u00f6bb mint k\u00e9t \u00e9vtizedes tapasztalattal rendelkezik a csomagol\u00f3iparban, kiemelten a stretch f\u00f3li\u00e1k alkalmaz\u00e1s\u00e1nak optimaliz\u00e1l\u00e1s\u00e1val, az anyagfelhaszn\u00e1l\u00e1s cs\u00f6kkent\u00e9s\u00e9vel \u00e9s a rakom\u00e1nybiztons\u00e1g n\u00f6vel\u00e9s\u00e9vel foglalkozik. Hisz abban, hogy a k\u00f6rforg\u00e1sos gazdas\u00e1g val\u00f3di el\u0151rel\u00e9p\u00e9se nemcsak \u00faj technol\u00f3gi\u00e1kban, hanem az er\u0151forr\u00e1s-felhaszn\u00e1l\u00e1s \u00fajragondol\u00e1s\u00e1ban \u00e9s a rendszerszint\u0171 szeml\u00e9letv\u00e1lt\u00e1sban rejlik. Akt\u00edvan dolgozik azon, hogy \u00fcgyfelei m\u00e9rhet\u0151en cs\u00f6kkents\u00e9k k\u00f6rnyezeti hat\u00e1sukat, mik\u00f6zben \u00fczletileg is versenyk\u00e9pesek maradnak.<\/p>\n<\/div><\/section><\/p><\/div><div  class='flex_column av-95j3w-f0fcbc904e91f18926a96aa9ed408878 av_one_third  avia-builder-el-3  el_after_av_three_fifth  avia-builder-el-last  flex_column_div'     ><style type=\"text\/css\" data-created_by=\"avia_inline_auto\" id=\"style-css-av-mnr7mivq-32e9772761610edd83b35ee8563096b8\">\n.avia-image-container.av-mnr7mivq-32e9772761610edd83b35ee8563096b8 img.avia_image{\nbox-shadow:none;\n}\n.avia-image-container.av-mnr7mivq-32e9772761610edd83b35ee8563096b8 .av-image-caption-overlay-center{\ncolor:#ffffff;\n}\n<\/style>\n<div  class='avia-image-container av-mnr7mivq-32e9772761610edd83b35ee8563096b8 av-styling-circle avia-align-center  avia-builder-el-4  avia-builder-el-no-sibling'   itemprop=\"image\" itemscope=\"itemscope\" itemtype=\"https:\/\/schema.org\/ImageObject\" ><div class=\"avia-image-container-inner\"><div class=\"avia-image-overlay-wrap\"><img decoding=\"async\" fetchpriority=\"high\" class='wp-image-835 avia-img-lazy-loading-not-835 avia_image' src=\"https:\/\/circulareconomyhotspotbudapest.com\/wp-content\/uploads\/2026\/04\/5-300x300.png\" alt='' title='5'  height=\"300\" width=\"300\"  itemprop=\"thumbnailUrl\" srcset=\"https:\/\/circulareconomyhotspotbudapest.com\/wp-content\/uploads\/2026\/04\/5-300x300.png 300w, https:\/\/circulareconomyhotspotbudapest.com\/wp-content\/uploads\/2026\/04\/5-80x80.png 80w, https:\/\/circulareconomyhotspotbudapest.com\/wp-content\/uploads\/2026\/04\/5-768x768.png 768w, https:\/\/circulareconomyhotspotbudapest.com\/wp-content\/uploads\/2026\/04\/5-12x12.png 12w, https:\/\/circulareconomyhotspotbudapest.com\/wp-content\/uploads\/2026\/04\/5-36x36.png 36w, https:\/\/circulareconomyhotspotbudapest.com\/wp-content\/uploads\/2026\/04\/5-180x180.png 180w, https:\/\/circulareconomyhotspotbudapest.com\/wp-content\/uploads\/2026\/04\/5-705x705.png 705w, https:\/\/circulareconomyhotspotbudapest.com\/wp-content\/uploads\/2026\/04\/5-120x120.png 120w, https:\/\/circulareconomyhotspotbudapest.com\/wp-content\/uploads\/2026\/04\/5-450x450.png 450w, https:\/\/circulareconomyhotspotbudapest.com\/wp-content\/uploads\/2026\/04\/5-600x600.png 600w, https:\/\/circulareconomyhotspotbudapest.com\/wp-content\/uploads\/2026\/04\/5-100x100.png 100w, https:\/\/circulareconomyhotspotbudapest.com\/wp-content\/uploads\/2026\/04\/5.png 1000w\" sizes=\"(max-width: 300px) 100vw, 300px\" \/><\/div><\/div><\/div><\/div><\/p>","protected":false},"excerpt":{"rendered":"<p>\u00dcgyvezet\u0151 igazgat\u00f3 <br \/> Manupackaging International Kft.<\/p>","protected":false},"author":3,"featured_media":835,"comment_status":"open","ping_status":"closed","template":"","meta":{"footnotes":""},"tags":[],"portfolio_entries":[29],"class_list":["post-1006","portfolio","type-portfolio","status-publish","has-post-thumbnail","hentry","portfolio_entries-circular-economy"],"_links":{"self":[{"href":"https:\/\/circulareconomyhotspotbudapest.com\/hu\/wp-json\/wp\/v2\/portfolio\/1006","targetHints":{"allow":["GET"]}}],"collection":[{"href":"https:\/\/circulareconomyhotspotbudapest.com\/hu\/wp-json\/wp\/v2\/portfolio"}],"about":[{"href":"https:\/\/circulareconomyhotspotbudapest.com\/hu\/wp-json\/wp\/v2\/types\/portfolio"}],"author":[{"embeddable":true,"href":"https:\/\/circulareconomyhotspotbudapest.com\/hu\/wp-json\/wp\/v2\/users\/3"}],"replies":[{"embeddable":true,"href":"https:\/\/circulareconomyhotspotbudapest.com\/hu\/wp-json\/wp\/v2\/comments?post=1006"}],"version-history":[{"count":1,"href":"https:\/\/circulareconomyhotspotbudapest.com\/hu\/wp-json\/wp\/v2\/portfolio\/1006\/revisions"}],"predecessor-version":[{"id":1007,"href":"https:\/\/circulareconomyhotspotbudapest.com\/hu\/wp-json\/wp\/v2\/portfolio\/1006\/revisions\/1007"}],"wp:featuredmedia":[{"embeddable":true,"href":"https:\/\/circulareconomyhotspotbudapest.com\/hu\/wp-json\/wp\/v2\/media\/835"}],"wp:attachment":[{"href":"https:\/\/circulareconomyhotspotbudapest.com\/hu\/wp-json\/wp\/v2\/media?parent=1006"}],"wp:term":[{"taxonomy":"post_tag","embeddable":true,"href":"https:\/\/circulareconomyhotspotbudapest.com\/hu\/wp-json\/wp\/v2\/tags?post=1006"},{"taxonomy":"portfolio_entries","embeddable":true,"href":"https:\/\/circulareconomyhotspotbudapest.com\/hu\/wp-json\/wp\/v2\/portfolio_entries?post=1006"}],"curies":[{"name":"wp","href":"https:\/\/api.w.org\/{rel}","templated":true}]}}

Arató Gábor,

<div  class='flex_column av-h4aes-8ab347a7b93bca422a8753491701622c av_three_fifth  avia-builder-el-0  el_before_av_one_third  avia-builder-el-first  first flex_column_div'     ><section  class='av_textblock_section av-mnr7l2lw-e54a46a20c28b3671cbc2434d791c2d7'   itemscope="itemscope" itemtype="https://schema.org/CreativeWork" ><div class='avia_textblock'  itemprop="text" ><h2>Arató Gábor,</h2>
<h3>Ügyvezető igazgató</h3>
<h3>Manupackaging International Kft.</h3>
<h3></h3>
<h3></h3>
<h3></h3>
</div></section><br />
<section  class='av_textblock_section av-mnr7onqp-5658145bc31ad45cc097c3688d72108a'   itemscope="itemscope" itemtype="https://schema.org/CreativeWork" ><div class='avia_textblock'  itemprop="text" ><p>Arató Gábor a Manupackaging International Kft. ügyvezető igazgatója, ahol a fenntartható ipari csomagolási megoldások fejlesztésére és bevezetésére fókuszál. Több mint két évtizedes tapasztalattal rendelkezik a csomagolóiparban, kiemelten a stretch fóliák alkalmazásának optimalizálásával, az anyagfelhasználás csökkentésével és a rakománybiztonság növelésével foglalkozik. Hisz abban, hogy a körforgásos gazdaság valódi előrelépése nemcsak új technológiákban, hanem az erőforrás-felhasználás újragondolásában és a rendszerszintű szemléletváltásban rejlik. Aktívan dolgozik azon, hogy ügyfelei mérhetően csökkentsék környezeti hatásukat, miközben üzletileg is versenyképesek maradnak.</p>
</div></section></p></div><div  class='flex_column av-95j3w-f0fcbc904e91f18926a96aa9ed408878 av_one_third  avia-builder-el-3  el_after_av_three_fifth  avia-builder-el-last  flex_column_div'     ><style type="text/css" data-created_by="avia_inline_auto" id="style-css-av-mnr7mivq-32e9772761610edd83b35ee8563096b8">
.avia-image-container.av-mnr7mivq-32e9772761610edd83b35ee8563096b8 img.avia_image{
box-shadow:none;
}
.avia-image-container.av-mnr7mivq-32e9772761610edd83b35ee8563096b8 .av-image-caption-overlay-center{
color:#ffffff;
}
</style>
<div  class='avia-image-container av-mnr7mivq-32e9772761610edd83b35ee8563096b8 av-styling-circle avia-align-center  avia-builder-el-4  avia-builder-el-no-sibling'   itemprop="image" itemscope="itemscope" itemtype="https://schema.org/ImageObject" ><div class="avia-image-container-inner"><div class="avia-image-overlay-wrap"><img decoding="async" fetchpriority="high" class='wp-image-835 avia-img-lazy-loading-not-835 avia_image' src="https://circulareconomyhotspotbudapest.com/wp-content/uploads/2026/04/5-300x300.png" alt='' title='5'  height="300" width="300"  itemprop="thumbnailUrl" srcset="https://circulareconomyhotspotbudapest.com/wp-content/uploads/2026/04/5-300x300.png 300w, https://circulareconomyhotspotbudapest.com/wp-content/uploads/2026/04/5-80x80.png 80w, https://circulareconomyhotspotbudapest.com/wp-content/uploads/2026/04/5-768x768.png 768w, https://circulareconomyhotspotbudapest.com/wp-content/uploads/2026/04/5-12x12.png 12w, https://circulareconomyhotspotbudapest.com/wp-content/uploads/2026/04/5-36x36.png 36w, https://circulareconomyhotspotbudapest.com/wp-content/uploads/2026/04/5-180x180.png 180w, https://circulareconomyhotspotbudapest.com/wp-content/uploads/2026/04/5-705x705.png 705w, https://circulareconomyhotspotbudapest.com/wp-content/uploads/2026/04/5-120x120.png 120w, https://circulareconomyhotspotbudapest.com/wp-content/uploads/2026/04/5-450x450.png 450w, https://circulareconomyhotspotbudapest.com/wp-content/uploads/2026/04/5-600x600.png 600w, https://circulareconomyhotspotbudapest.com/wp-content/uploads/2026/04/5-100x100.png 100w, https://circulareconomyhotspotbudapest.com/wp-content/uploads/2026/04/5.png 1000w" sizes="(max-width: 300px) 100vw, 300px" /></div></div></div></div></p>

<p>Ügyvezető igazgató <br /> Manupackaging International Kft.</p>
